{"id":28323,"date":"2023-05-06T18:54:12","date_gmt":"2023-05-06T18:54:12","guid":{"rendered":"https:\/\/normandie.ma\/?product=kit-maxus-2-200w-kit-freemax-blue"},"modified":"2023-05-06T18:54:12","modified_gmt":"2023-05-06T18:54:12","slug":"kit-maxus-2-200w-kit-freemax-blue","status":"publish","type":"product","link":"https:\/\/normandie.ma\/?product=kit-maxus-2-200w-kit-freemax-blue","title":{"rendered":"Kit Maxus 2 200W kit \u2013 FreeMax Blue"},"content":{"rendered":"<p>D\u00e9couvrez le kit Freemax Maxus 2 200W, \u00e9quip\u00e9 du nouveau r\u00e9servoir M Pro 3, d\u2019une fonction de contr\u00f4le de la temp\u00e9rature, et aliment\u00e9 par une paire d\u2019accus 18650. Construit en alliage de zinc durable, le ch\u00e2ssis du kit Maxus 2 offre un design visuellement saisissant et constitue la base d\u2019une performance \u00e9lev\u00e9e. Associ\u00e9 au r\u00e9servoir M Pro 3, le Freemax Maxus 2 Starter Kit peut contenir jusqu\u2019\u00e0 5mL d\u2019e-liquide et se remplit en faisant glisser le capuchon vers l\u2019arri\u00e8re pour r\u00e9v\u00e9ler un seul grand port de remplissage. De plus, le kit Maxus 2 peut faire appel aux r\u00e9sistances Maxus Pro 904L M pour produire de d\u00e9licieux nuages de vapeur savoureuse. Dimensions : 89.5mm par 51.9mm par 31mm<br \/>\nCompatibilit\u00e9 avec les batteries : 2 x 18650 \u2013 non inclus<br \/>\nPlage de puissance : 5-200W<br \/>\nPlage de temp\u00e9rature : 100\u00b0-315\u00b0C \/ 200\u00b0-600\u00b0F<br \/>\nPlage de r\u00e9sistance : 0.1-3.0ohm<br \/>\nPuissance de sortie : 3 niveaux de puissance<br \/>\n\u00c9cran d\u2019affichage : \u00c9cran TFT de 1,06 pouces<br \/>\nMat\u00e9riau du ch\u00e2ssis : Alliage de zinc<br \/>\nDiam\u00e8tre : 28 mm<br \/>\nPoint le plus large : 28 mm<br \/>\nCapacit\u00e9 du verre : 5mL<br \/>\nSyst\u00e8me de remplissage : Bouchon coulissant<br \/>\nMat\u00e9riau du r\u00e9servoir : Acier inoxydable<br \/>\nS\u00e9rie de r\u00e9sistance : Freemax Maxus Pro 904L M Coils<br \/>\nInterrupteur de verrouillage<br \/>\nChargement : Port de type C<\/p>\n","protected":false},"excerpt":{"rendered":"<p>1 x mod Maxus 2 200W<br \/>\n1 x R\u00e9servoir M Pro 3<br \/>\n1 x Coils M1-D Mesh 0.15ohm<br \/>\n1 x Coils Mesh 904L M2 0.2ohm<br \/>\n1 x tube en verre de 5mL<br \/>\n1 x C\u00e2ble Type-C<br \/>\n1 x anneau en silicone<br \/>\n1 x Manuel de l\u2019utilisateur<\/p>\n","protected":false},"featured_media":25181,"comment_status":"open","ping_status":"closed","template":"","meta":{"om_disable_all_campaigns":false,"_monsterinsights_skip_tracking":false,"_monsterinsights_sitenote_active":false,"_monsterinsights_sitenote_note":"","_monsterinsights_sitenote_category":0},"product_brand":[],"product_cat":[325,213,205],"product_tag":[],"class_list":{"0":"post-28323","1":"product","2":"type-product","3":"status-publish","4":"has-post-thumbnail","6":"product_cat-freemax-kit-comp","7":"product_cat-kit-comp","8":"product_cat-materiel","11":"first","12":"instock","13":"featured","14":"shipping-taxable","15":"purchasable","16":"product-type-simple"},"aioseo_notices":[],"jetpack_sharing_enabled":true,"_links":{"self":[{"href":"https:\/\/normandie.ma\/index.php?rest_route=\/wp\/v2\/product\/28323","targetHints":{"allow":["GET"]}}],"collection":[{"href":"https:\/\/normandie.ma\/index.php?rest_route=\/wp\/v2\/product"}],"about":[{"href":"https:\/\/normandie.ma\/index.php?rest_route=\/wp\/v2\/types\/product"}],"replies":[{"embeddable":true,"href":"https:\/\/normandie.ma\/index.php?rest_route=%2Fwp%2Fv2%2Fcomments&post=28323"}],"wp:featuredmedia":[{"embeddable":true,"href":"https:\/\/normandie.ma\/index.php?rest_route=\/wp\/v2\/media\/25181"}],"wp:attachment":[{"href":"https:\/\/normandie.ma\/index.php?rest_route=%2Fwp%2Fv2%2Fmedia&parent=28323"}],"wp:term":[{"taxonomy":"product_brand","embeddable":true,"href":"https:\/\/normandie.ma\/index.php?rest_route=%2Fwp%2Fv2%2Fproduct_brand&post=28323"},{"taxonomy":"product_cat","embeddable":true,"href":"https:\/\/normandie.ma\/index.php?rest_route=%2Fwp%2Fv2%2Fproduct_cat&post=28323"},{"taxonomy":"product_tag","embeddable":true,"href":"https:\/\/normandie.ma\/index.php?rest_route=%2Fwp%2Fv2%2Fproduct_tag&post=28323"}],"curies":[{"name":"wp","href":"https:\/\/api.w.org\/{rel}","templated":true}]}}