{"id":28365,"date":"2023-05-06T18:54:32","date_gmt":"2023-05-06T18:54:32","guid":{"rendered":"https:\/\/normandie.ma\/?product=kit-vinci-2-dazzline-line-voopoo"},"modified":"2023-05-06T18:54:32","modified_gmt":"2023-05-06T18:54:32","slug":"kit-vinci-2-dazzline-line-voopoo","status":"publish","type":"product","link":"https:\/\/normandie.ma\/?product=kit-vinci-2-dazzline-line-voopoo","title":{"rendered":"Kit Vinci 2 Dazzline Line \u2013 Voopoo"},"content":{"rendered":"<p>Voopoo ne va pas cesser de nous \u00e9tonner ! Et pour vous le d\u00e9montrer une nouvelle fois, voil\u00e0 le kit Vinci 2 50W, une cigarette \u00e9lectronique alliant finesse, \u00e9l\u00e9gance, modernit\u00e9 et design et dont l\u2019objectif est toujours de vous emporter dans votre aventure vaping. Une magnifique batterie de 1500mAh ;<br \/>\nUne capacit\u00e9 de puissance allant jusqu\u2019\u00e0 50W ;<br \/>\nUn immense r\u00e9servoir de 6.5ml ;<br \/>\nLes tr\u00e8s performantes r\u00e9sistances sub-ohm PnP Voopoo ;<br \/>\nUn airflow tr\u00e8s pratique ;<br \/>\nUn corps en alliage de zinc l\u00e9ger et robuste ;<br \/>\nDe belles finitions aussi r\u00e9sistantes que durables.<\/p>\n","protected":false},"excerpt":{"rendered":"<p>1 x Dispositif Vinci 2<br \/>\n1 x Cartouche Vinci 2 6.5mL<br \/>\n1 x r\u00e9sistance PnP-VM1 0.3\u03a9<br \/>\n1 x r\u00e9sistance PnP-TM2 0.8\u03a9<br \/>\n1 x C\u00e2ble Type-C<br \/>\n1 x Manuel de l\u2019utilisateur<\/p>\n","protected":false},"featured_media":24564,"comment_status":"open","ping_status":"closed","template":"","meta":{"om_disable_all_campaigns":false,"_monsterinsights_skip_tracking":false,"_monsterinsights_sitenote_active":false,"_monsterinsights_sitenote_note":"","_monsterinsights_sitenote_category":0},"product_brand":[],"product_cat":[213,205,244],"product_tag":[],"class_list":{"0":"post-28365","1":"product","2":"type-product","3":"status-publish","4":"has-post-thumbnail","6":"product_cat-kit-comp","7":"product_cat-materiel","8":"product_cat-voopoo","11":"first","12":"instock","13":"featured","14":"shipping-taxable","15":"purchasable","16":"product-type-simple"},"aioseo_notices":[],"jetpack_sharing_enabled":true,"_links":{"self":[{"href":"https:\/\/normandie.ma\/index.php?rest_route=\/wp\/v2\/product\/28365","targetHints":{"allow":["GET"]}}],"collection":[{"href":"https:\/\/normandie.ma\/index.php?rest_route=\/wp\/v2\/product"}],"about":[{"href":"https:\/\/normandie.ma\/index.php?rest_route=\/wp\/v2\/types\/product"}],"replies":[{"embeddable":true,"href":"https:\/\/normandie.ma\/index.php?rest_route=%2Fwp%2Fv2%2Fcomments&post=28365"}],"wp:featuredmedia":[{"embeddable":true,"href":"https:\/\/normandie.ma\/index.php?rest_route=\/wp\/v2\/media\/24564"}],"wp:attachment":[{"href":"https:\/\/normandie.ma\/index.php?rest_route=%2Fwp%2Fv2%2Fmedia&parent=28365"}],"wp:term":[{"taxonomy":"product_brand","embeddable":true,"href":"https:\/\/normandie.ma\/index.php?rest_route=%2Fwp%2Fv2%2Fproduct_brand&post=28365"},{"taxonomy":"product_cat","embeddable":true,"href":"https:\/\/normandie.ma\/index.php?rest_route=%2Fwp%2Fv2%2Fproduct_cat&post=28365"},{"taxonomy":"product_tag","embeddable":true,"href":"https:\/\/normandie.ma\/index.php?rest_route=%2Fwp%2Fv2%2Fproduct_tag&post=28365"}],"curies":[{"name":"wp","href":"https:\/\/api.w.org\/{rel}","templated":true}]}}