{"id":28390,"date":"2023-05-06T18:54:45","date_gmt":"2023-05-06T18:54:45","guid":{"rendered":"https:\/\/normandie.ma\/?product=kit-drag-x-pro-sahara-brown-voopoo"},"modified":"2023-05-06T18:54:45","modified_gmt":"2023-05-06T18:54:45","slug":"kit-drag-x-pro-sahara-brown-voopoo","status":"publish","type":"product","link":"https:\/\/normandie.ma\/?product=kit-drag-x-pro-sahara-brown-voopoo","title":{"rendered":"Kit Drag X Pro Sahara Brown \u2013 Voopoo"},"content":{"rendered":"<p>Inspir\u00e9 par le meilleur de la s\u00e9rie Drag. Transform\u00e9 par la nouvelle puce GENE.FAN 3.0 et associ\u00e9 au nouveau pod r\u00e9volutionnaire TPP X, le kit Drag X Pro de VooPoo se distingue en toute occasion, \u00e9veillant tous les sens gr\u00e2ce \u00e0 une exp\u00e9rience professionnelle en termes de conception, d\u2019artisanat, de vitesse et de performance. Dimensions (kit) : 28,8mm x 34,5mm x 135,5mm<br \/>\nMat\u00e9riau : Alliage de zinc + cuir<br \/>\nPuissance de sortie : 5W-100W<br \/>\nTension de sortie : Max 8.5V<br \/>\nR\u00e9sistance : 0.1\u03a9-3.0\u03a9<br \/>\nCapacit\u00e9 de la batterie : Simple 21700 ou 18650<\/p>\n","protected":false},"excerpt":{"rendered":"<p>1 x Drag X Pro<br \/>\n1 x TPP X Pod 5.5mL<br \/>\n1 x TPP-DM3 0.15\u03a9 Coil<br \/>\n1 x r\u00e9sistance TPP-DM2 0.2\u03a9<br \/>\n1 x C\u00e2ble Type-C<br \/>\n1 x Manuel de l\u2019utilisateur<\/p>\n","protected":false},"featured_media":24574,"comment_status":"open","ping_status":"closed","template":"","meta":{"om_disable_all_campaigns":false,"_monsterinsights_skip_tracking":false,"_monsterinsights_sitenote_active":false,"_monsterinsights_sitenote_note":"","_monsterinsights_sitenote_category":0},"product_brand":[],"product_cat":[239,205,359],"product_tag":[],"class_list":{"0":"post-28390","1":"product","2":"type-product","3":"status-publish","4":"has-post-thumbnail","6":"product_cat-kit-complet","7":"product_cat-materiel","8":"product_cat-voopoo-kit-complet","11":"first","12":"instock","13":"featured","14":"shipping-taxable","15":"purchasable","16":"product-type-simple"},"aioseo_notices":[],"jetpack_sharing_enabled":true,"_links":{"self":[{"href":"https:\/\/normandie.ma\/index.php?rest_route=\/wp\/v2\/product\/28390","targetHints":{"allow":["GET"]}}],"collection":[{"href":"https:\/\/normandie.ma\/index.php?rest_route=\/wp\/v2\/product"}],"about":[{"href":"https:\/\/normandie.ma\/index.php?rest_route=\/wp\/v2\/types\/product"}],"replies":[{"embeddable":true,"href":"https:\/\/normandie.ma\/index.php?rest_route=%2Fwp%2Fv2%2Fcomments&post=28390"}],"wp:featuredmedia":[{"embeddable":true,"href":"https:\/\/normandie.ma\/index.php?rest_route=\/wp\/v2\/media\/24574"}],"wp:attachment":[{"href":"https:\/\/normandie.ma\/index.php?rest_route=%2Fwp%2Fv2%2Fmedia&parent=28390"}],"wp:term":[{"taxonomy":"product_brand","embeddable":true,"href":"https:\/\/normandie.ma\/index.php?rest_route=%2Fwp%2Fv2%2Fproduct_brand&post=28390"},{"taxonomy":"product_cat","embeddable":true,"href":"https:\/\/normandie.ma\/index.php?rest_route=%2Fwp%2Fv2%2Fproduct_cat&post=28390"},{"taxonomy":"product_tag","embeddable":true,"href":"https:\/\/normandie.ma\/index.php?rest_route=%2Fwp%2Fv2%2Fproduct_tag&post=28390"}],"curies":[{"name":"wp","href":"https:\/\/api.w.org\/{rel}","templated":true}]}}