{"id":28418,"date":"2023-05-06T18:54:58","date_gmt":"2023-05-06T18:54:58","guid":{"rendered":"https:\/\/normandie.ma\/?product=kit-ursa-mini-pod-crystal-cream-lostvape"},"modified":"2023-05-06T18:54:58","modified_gmt":"2023-05-06T18:54:58","slug":"kit-ursa-mini-pod-crystal-cream-lostvape","status":"publish","type":"product","link":"https:\/\/normandie.ma\/?product=kit-ursa-mini-pod-crystal-cream-lostvape","title":{"rendered":"Kit Ursa Mini Pod Crystal Cream \u2013 LostVape"},"content":{"rendered":"<p>D\u00e9couvrez le kit Ursa Mini Pod de Lost Vape chez good vapes Casablanca, dot\u00e9 d\u2019une batterie de 1200mAh, d\u2019une plage de sortie de 5-30W et utilisant les r\u00e9sistances de la s\u00e9rie UB Lite de Lost Vape. Construit en alliage de zinc durable, l\u2019URSA Mini est un syst\u00e8me de pod compact et portable, offrant une compatibilit\u00e9 avec la s\u00e9rie de r\u00e9sistances UB Lite. Avec une gamme de puissance de 5-30W, le kit Ursa Mini Pod utilise pleinement la batterie int\u00e9gr\u00e9e de 1200mAh pour produire une vapeur et une saveur exceptionnelles. Dimensions : 30,7*26*107,22 mm<br \/>\nBatterie : batterie au lithium int\u00e9gr\u00e9e de 1200 mAh<br \/>\nPlage de puissance : 5-30 W<br \/>\nCapacit\u00e9 de la dosette : 3 ml<br \/>\nTension de la batterie : 3,0-4,2 V<br \/>\nPixel de l\u2019\u00e9cran : 0,69 pouce<br \/>\nMat\u00e9riau du corps : alliage de zinc et acier inoxydable<\/p>\n","protected":false},"excerpt":{"rendered":"<p>1 x kit de mini-pod URSA<br \/>\n1 x c\u00e2ble de charge de type C<br \/>\n1 x 0.4ohm r\u00e9sistance UB Lite L1<br \/>\n1 x 1.0ohm r\u00e9sistance UB Lite L6<br \/>\n1 x carte de garantie<br \/>\n1 x manuel d\u2019utilisation<\/p>\n","protected":false},"featured_media":24584,"comment_status":"open","ping_status":"closed","template":"","meta":{"om_disable_all_campaigns":false,"_monsterinsights_skip_tracking":false,"_monsterinsights_sitenote_active":false,"_monsterinsights_sitenote_note":"","_monsterinsights_sitenote_category":0},"product_brand":[],"product_cat":[360,205,245],"product_tag":[],"class_list":{"0":"post-28418","1":"product","2":"type-product","3":"status-publish","4":"has-post-thumbnail","6":"product_cat-lost-vape-pod-kits","7":"product_cat-materiel","8":"product_cat-pod-kits","11":"first","12":"instock","13":"featured","14":"shipping-taxable","15":"purchasable","16":"product-type-simple"},"aioseo_notices":[],"jetpack_sharing_enabled":true,"_links":{"self":[{"href":"https:\/\/normandie.ma\/index.php?rest_route=\/wp\/v2\/product\/28418","targetHints":{"allow":["GET"]}}],"collection":[{"href":"https:\/\/normandie.ma\/index.php?rest_route=\/wp\/v2\/product"}],"about":[{"href":"https:\/\/normandie.ma\/index.php?rest_route=\/wp\/v2\/types\/product"}],"replies":[{"embeddable":true,"href":"https:\/\/normandie.ma\/index.php?rest_route=%2Fwp%2Fv2%2Fcomments&post=28418"}],"wp:featuredmedia":[{"embeddable":true,"href":"https:\/\/normandie.ma\/index.php?rest_route=\/wp\/v2\/media\/24584"}],"wp:attachment":[{"href":"https:\/\/normandie.ma\/index.php?rest_route=%2Fwp%2Fv2%2Fmedia&parent=28418"}],"wp:term":[{"taxonomy":"product_brand","embeddable":true,"href":"https:\/\/normandie.ma\/index.php?rest_route=%2Fwp%2Fv2%2Fproduct_brand&post=28418"},{"taxonomy":"product_cat","embeddable":true,"href":"https:\/\/normandie.ma\/index.php?rest_route=%2Fwp%2Fv2%2Fproduct_cat&post=28418"},{"taxonomy":"product_tag","embeddable":true,"href":"https:\/\/normandie.ma\/index.php?rest_route=%2Fwp%2Fv2%2Fproduct_tag&post=28418"}],"curies":[{"name":"wp","href":"https:\/\/api.w.org\/{rel}","templated":true}]}}