{"id":28458,"date":"2023-05-06T18:55:17","date_gmt":"2023-05-06T18:55:17","guid":{"rendered":"https:\/\/normandie.ma\/?product=kit-caliburn-g-blue-uwell-pod"},"modified":"2023-05-06T18:55:17","modified_gmt":"2023-05-06T18:55:17","slug":"kit-caliburn-g-blue-uwell-pod","status":"publish","type":"product","link":"https:\/\/normandie.ma\/?product=kit-caliburn-g-blue-uwell-pod","title":{"rendered":"Kit CALIBURN G Blue \u2013 Uwell Pod"},"content":{"rendered":"<p>Le kit pod Caliburn G de Uwell 18W est un syst\u00e8me de pods innovant, ax\u00e9 sur la saveur, qui combine parfaitement commodit\u00e9 et performance. Le kit Caliburn G est dot\u00e9 d\u2019un bouton unique facile \u00e0 emporter. Batterie : Batterie int\u00e9gr\u00e9e 690mAh<br \/>\nSortie : Max. 18W<br \/>\nCourant de charge : 1,5A<br \/>\nPort de charge : USB Type-C<br \/>\nCapacit\u00e9 : 2.0ml<br \/>\nType de remplissage : Remplissage par le haut<\/p>\n","protected":false},"excerpt":{"rendered":"<p>1 x Kit pod Uwell Caliburn G<br \/>\n1 x Cartouche \u00e0 Pod Uwell Caliburn<br \/>\n1 x C\u00e2ble USB Type-C<br \/>\n1 x Manuel de l\u2019utilisateur<\/p>\n","protected":false},"featured_media":24607,"comment_status":"open","ping_status":"closed","template":"","meta":{"om_disable_all_campaigns":false,"_monsterinsights_skip_tracking":false,"_monsterinsights_sitenote_active":false,"_monsterinsights_sitenote_note":"","_monsterinsights_sitenote_category":0},"product_brand":[],"product_cat":[205,245,326],"product_tag":[],"class_list":{"0":"post-28458","1":"product","2":"type-product","3":"status-publish","4":"has-post-thumbnail","6":"product_cat-materiel","7":"product_cat-pod-kits","8":"product_cat-uwell-pod-kits","11":"first","12":"instock","13":"featured","14":"shipping-taxable","15":"purchasable","16":"product-type-simple"},"aioseo_notices":[],"jetpack_sharing_enabled":true,"_links":{"self":[{"href":"https:\/\/normandie.ma\/index.php?rest_route=\/wp\/v2\/product\/28458","targetHints":{"allow":["GET"]}}],"collection":[{"href":"https:\/\/normandie.ma\/index.php?rest_route=\/wp\/v2\/product"}],"about":[{"href":"https:\/\/normandie.ma\/index.php?rest_route=\/wp\/v2\/types\/product"}],"replies":[{"embeddable":true,"href":"https:\/\/normandie.ma\/index.php?rest_route=%2Fwp%2Fv2%2Fcomments&post=28458"}],"wp:featuredmedia":[{"embeddable":true,"href":"https:\/\/normandie.ma\/index.php?rest_route=\/wp\/v2\/media\/24607"}],"wp:attachment":[{"href":"https:\/\/normandie.ma\/index.php?rest_route=%2Fwp%2Fv2%2Fmedia&parent=28458"}],"wp:term":[{"taxonomy":"product_brand","embeddable":true,"href":"https:\/\/normandie.ma\/index.php?rest_route=%2Fwp%2Fv2%2Fproduct_brand&post=28458"},{"taxonomy":"product_cat","embeddable":true,"href":"https:\/\/normandie.ma\/index.php?rest_route=%2Fwp%2Fv2%2Fproduct_cat&post=28458"},{"taxonomy":"product_tag","embeddable":true,"href":"https:\/\/normandie.ma\/index.php?rest_route=%2Fwp%2Fv2%2Fproduct_tag&post=28458"}],"curies":[{"name":"wp","href":"https:\/\/api.w.org\/{rel}","templated":true}]}}