{"id":28516,"date":"2023-05-06T18:55:46","date_gmt":"2023-05-06T18:55:46","guid":{"rendered":"https:\/\/normandie.ma\/?product=kit-voopoo-argus-p1-green"},"modified":"2023-05-09T18:09:36","modified_gmt":"2023-05-09T18:09:36","slug":"kit-voopoo-argus-p1-green","status":"publish","type":"product","link":"https:\/\/normandie.ma\/?product=kit-voopoo-argus-p1-green","title":{"rendered":"Kit Voopoo \u2013 Argus P1 Green"},"content":{"rendered":"<p>La gamme Argus a un nouveau membre nomm\u00e9 Argus P1. Encore un qui va r\u00e9aliser un passage remarqu\u00e9 sur le march\u00e9 de la vape. Comment pourrait-il en \u00eatre autrement au vu de ses caract\u00e9ristiques ? Une autonomie de 800 mAh, une batterie int\u00e9gr\u00e9e rechargeable en 18 minutes, une puissance maximale de 20W, une capacit\u00e9 de 2ml, la technologie d\u2019atomisation ITO et une esth\u00e9tique portant une touche futuriste. N\u2019attendez pas pour acqu\u00e9rir cet Argus P1, un kit que Voopoo a con\u00e7u principalement pour les vapoteurs d\u00e9butants. Mat\u00e9riaux : Alliage de zinc, PC<br \/>\nType de batteries : Int\u00e9gr\u00e9e<br \/>\nAutonomie : 800 mAh<br \/>\nMicro USB : Chargement uniquement<br \/>\nPuissance maximum : 20W<br \/>\nTirage : MTL (Serr\u00e9), RDL (Semi-a\u00e9rien)<br \/>\nAirflow r\u00e9glable : Oui<br \/>\nContenance (ml) : 2 ml<br \/>\nRemplissage : Par le bas<br \/>\nProtections \u00e9lectroniques : Oui<br \/>\nR\u00e9sistances : de 0.5 \u00e0 1 ohm, plus de 1 ohm<\/p>\n","protected":false},"excerpt":{"rendered":"<p>1 x Box Argus P1<br \/>\n1 x Cartouche Argus<br \/>\n1 x R\u00e9sistance ITO-M1 0,7 ohm<br \/>\n1 x R\u00e9sistance ITO-M3 1,2 ohm<br \/>\n1 x C\u00e2ble USB Type-C<br \/>\n1 x Lani\u00e8re<br \/>\n1 x Manuel d\u2019utilisation<\/p>\n","protected":false},"featured_media":29185,"comment_status":"open","ping_status":"closed","template":"","meta":{"om_disable_all_campaigns":false,"_monsterinsights_skip_tracking":false,"_monsterinsights_sitenote_active":false,"_monsterinsights_sitenote_note":"","_monsterinsights_sitenote_category":0},"product_brand":[],"product_cat":[205,214,255],"product_tag":[],"class_list":{"0":"post-28516","1":"product","2":"type-product","3":"status-publish","4":"has-post-thumbnail","6":"product_cat-materiel","7":"product_cat-pod-kit","8":"product_cat-voopoo-pod-kit","11":"first","12":"instock","13":"featured","14":"shipping-taxable","15":"purchasable","16":"product-type-simple"},"aioseo_notices":[],"jetpack_sharing_enabled":true,"_links":{"self":[{"href":"https:\/\/normandie.ma\/index.php?rest_route=\/wp\/v2\/product\/28516","targetHints":{"allow":["GET"]}}],"collection":[{"href":"https:\/\/normandie.ma\/index.php?rest_route=\/wp\/v2\/product"}],"about":[{"href":"https:\/\/normandie.ma\/index.php?rest_route=\/wp\/v2\/types\/product"}],"replies":[{"embeddable":true,"href":"https:\/\/normandie.ma\/index.php?rest_route=%2Fwp%2Fv2%2Fcomments&post=28516"}],"wp:featuredmedia":[{"embeddable":true,"href":"https:\/\/normandie.ma\/index.php?rest_route=\/wp\/v2\/media\/29185"}],"wp:attachment":[{"href":"https:\/\/normandie.ma\/index.php?rest_route=%2Fwp%2Fv2%2Fmedia&parent=28516"}],"wp:term":[{"taxonomy":"product_brand","embeddable":true,"href":"https:\/\/normandie.ma\/index.php?rest_route=%2Fwp%2Fv2%2Fproduct_brand&post=28516"},{"taxonomy":"product_cat","embeddable":true,"href":"https:\/\/normandie.ma\/index.php?rest_route=%2Fwp%2Fv2%2Fproduct_cat&post=28516"},{"taxonomy":"product_tag","embeddable":true,"href":"https:\/\/normandie.ma\/index.php?rest_route=%2Fwp%2Fv2%2Fproduct_tag&post=28516"}],"curies":[{"name":"wp","href":"https:\/\/api.w.org\/{rel}","templated":true}]}}