{"id":28552,"date":"2023-05-06T18:56:02","date_gmt":"2023-05-06T18:56:02","guid":{"rendered":"https:\/\/normandie.ma\/?product=rda-centaurus-solo-lost-vape"},"modified":"2023-05-06T18:56:02","modified_gmt":"2023-05-06T18:56:02","slug":"rda-centaurus-solo-lost-vape","status":"publish","type":"product","link":"https:\/\/normandie.ma\/?product=rda-centaurus-solo-lost-vape","title":{"rendered":"RDA Centaurus Solo \u2013 Lost Vape"},"content":{"rendered":"<p>Lost Vape vous pr\u00e9sente son atomiseur RDA Centaurus Solo au look somptueux. Un dripper de 24 mm qui permet de r\u00e9aliser de beaux montages pour une vape a\u00e9rienne et remplie de saveurs intenses et r\u00e9alistes. Le design est soign\u00e9, avec une belle gravure de centaure directement taill\u00e9e dans le corps en acier inoxydable. L\u2019airflow est compos\u00e9 de petites fen\u00eatres pour une vape a\u00e9rienne \u00e0 semi-ouverte. Dimensions : 35 X 24 mm<br \/>\n    Diam\u00e8tre : 24mm<br \/>\n    Type de montage : Single coil<br \/>\n    Contenance : 1.2ml<br \/>\n    Type d\u2019atomiseur : Dripper<br \/>\n    Mati\u00e8re : Acier inoxydable<br \/>\n    Poids : 42g<br \/>\n    Drip-tip : 810<br \/>\n    Connecteur : 510<br \/>\n    Pole positif : 510 (bottom-feeder en option fourni)<\/p>\n","protected":false},"excerpt":{"rendered":"<p>Lost Vape vous pr\u00e9sente son atomiseur RDA Centaurus Solo au look somptueux. Un dripper de 24 mm qui permet de r\u00e9aliser de beaux montages pour une vape a\u00e9rienne et remplie de saveurs intenses et r\u00e9alistes. Le design est soign\u00e9, avec une belle gravure de centaure directement taill\u00e9e dans le corps en acier inoxydable. L\u2019airflow est [&hellip;]<\/p>\n","protected":false},"featured_media":24682,"comment_status":"open","ping_status":"closed","template":"","meta":{"om_disable_all_campaigns":false,"_monsterinsights_skip_tracking":false,"_monsterinsights_sitenote_active":false,"_monsterinsights_sitenote_note":"","_monsterinsights_sitenote_category":0},"product_brand":[],"product_cat":[205,217],"product_tag":[],"class_list":{"0":"post-28552","1":"product","2":"type-product","3":"status-publish","4":"has-post-thumbnail","6":"product_cat-materiel","7":"product_cat-rda","10":"first","11":"instock","12":"featured","13":"shipping-taxable","14":"purchasable","15":"product-type-simple"},"aioseo_notices":[],"jetpack_sharing_enabled":true,"_links":{"self":[{"href":"https:\/\/normandie.ma\/index.php?rest_route=\/wp\/v2\/product\/28552","targetHints":{"allow":["GET"]}}],"collection":[{"href":"https:\/\/normandie.ma\/index.php?rest_route=\/wp\/v2\/product"}],"about":[{"href":"https:\/\/normandie.ma\/index.php?rest_route=\/wp\/v2\/types\/product"}],"replies":[{"embeddable":true,"href":"https:\/\/normandie.ma\/index.php?rest_route=%2Fwp%2Fv2%2Fcomments&post=28552"}],"wp:featuredmedia":[{"embeddable":true,"href":"https:\/\/normandie.ma\/index.php?rest_route=\/wp\/v2\/media\/24682"}],"wp:attachment":[{"href":"https:\/\/normandie.ma\/index.php?rest_route=%2Fwp%2Fv2%2Fmedia&parent=28552"}],"wp:term":[{"taxonomy":"product_brand","embeddable":true,"href":"https:\/\/normandie.ma\/index.php?rest_route=%2Fwp%2Fv2%2Fproduct_brand&post=28552"},{"taxonomy":"product_cat","embeddable":true,"href":"https:\/\/normandie.ma\/index.php?rest_route=%2Fwp%2Fv2%2Fproduct_cat&post=28552"},{"taxonomy":"product_tag","embeddable":true,"href":"https:\/\/normandie.ma\/index.php?rest_route=%2Fwp%2Fv2%2Fproduct_tag&post=28552"}],"curies":[{"name":"wp","href":"https:\/\/api.w.org\/{rel}","templated":true}]}}