{"id":28578,"date":"2023-05-06T18:56:15","date_gmt":"2023-05-06T18:56:15","guid":{"rendered":"https:\/\/normandie.ma\/?product=drag-bar-2200-taffs-5-ml-strawberry-ice"},"modified":"2023-05-06T18:56:15","modified_gmt":"2023-05-06T18:56:15","slug":"drag-bar-2200-taffs-5-ml-strawberry-ice","status":"publish","type":"product","link":"https:\/\/normandie.ma\/?product=drag-bar-2200-taffs-5-ml-strawberry-ice","title":{"rendered":"Drag Bar \u2013 2200 Taffs (5%\/ml) Strawberry Ice"},"content":{"rendered":"<p>Drag Bar est une e-cigarette jetable avec un design \u00e9l\u00e9gant qui est int\u00e9gr\u00e9e avec une batterie pr\u00e9charg\u00e9e de 1000mAh et 6,5 ml d\u2019e-liquide. Drag Bar dispose d\u2019une gamme de profils de saveurs pour r\u00e9pondre aux pr\u00e9f\u00e9rences personnelles de chacun. Nombre de bouff\u00e9es : 2200<br \/>\n    Nicotine : 5%<br \/>\n    Capacit\u00e9 : 6.5 ml<br \/>\n    Batterie : 1000mAh<\/p>\n","protected":false},"excerpt":{"rendered":"<p>Drag Bar est une e-cigarette jetable avec un design \u00e9l\u00e9gant qui est int\u00e9gr\u00e9e avec une batterie pr\u00e9charg\u00e9e de 1000mAh et 6,5 ml d\u2019e-liquide. Drag Bar dispose d\u2019une gamme de profils de saveurs pour r\u00e9pondre aux pr\u00e9f\u00e9rences personnelles de chacun. Nombre de bouff\u00e9es : 2200 Nicotine : 5% Capacit\u00e9 : 6.5 ml Batterie : 1000mAh<\/p>\n","protected":false},"featured_media":24701,"comment_status":"open","ping_status":"closed","template":"","meta":{"om_disable_all_campaigns":false,"_monsterinsights_skip_tracking":false,"_monsterinsights_sitenote_active":false,"_monsterinsights_sitenote_note":"","_monsterinsights_sitenote_category":0},"product_brand":[],"product_cat":[259,256],"product_tag":[],"class_list":{"0":"post-28578","1":"product","2":"type-product","3":"status-publish","4":"has-post-thumbnail","6":"product_cat-drag-bar","7":"product_cat-e-cigarettes-jetables","10":"first","11":"instock","12":"featured","13":"shipping-taxable","14":"purchasable","15":"product-type-simple"},"aioseo_notices":[],"jetpack_sharing_enabled":true,"_links":{"self":[{"href":"https:\/\/normandie.ma\/index.php?rest_route=\/wp\/v2\/product\/28578","targetHints":{"allow":["GET"]}}],"collection":[{"href":"https:\/\/normandie.ma\/index.php?rest_route=\/wp\/v2\/product"}],"about":[{"href":"https:\/\/normandie.ma\/index.php?rest_route=\/wp\/v2\/types\/product"}],"replies":[{"embeddable":true,"href":"https:\/\/normandie.ma\/index.php?rest_route=%2Fwp%2Fv2%2Fcomments&post=28578"}],"wp:featuredmedia":[{"embeddable":true,"href":"https:\/\/normandie.ma\/index.php?rest_route=\/wp\/v2\/media\/24701"}],"wp:attachment":[{"href":"https:\/\/normandie.ma\/index.php?rest_route=%2Fwp%2Fv2%2Fmedia&parent=28578"}],"wp:term":[{"taxonomy":"product_brand","embeddable":true,"href":"https:\/\/normandie.ma\/index.php?rest_route=%2Fwp%2Fv2%2Fproduct_brand&post=28578"},{"taxonomy":"product_cat","embeddable":true,"href":"https:\/\/normandie.ma\/index.php?rest_route=%2Fwp%2Fv2%2Fproduct_cat&post=28578"},{"taxonomy":"product_tag","embeddable":true,"href":"https:\/\/normandie.ma\/index.php?rest_route=%2Fwp%2Fv2%2Fproduct_tag&post=28578"}],"curies":[{"name":"wp","href":"https:\/\/api.w.org\/{rel}","templated":true}]}}