{"id":28593,"date":"2023-05-06T18:56:23","date_gmt":"2023-05-06T18:56:23","guid":{"rendered":"https:\/\/normandie.ma\/?product=dragbar-b5000-6-5ml-5-peach-mango"},"modified":"2023-06-13T21:28:17","modified_gmt":"2023-06-13T21:28:17","slug":"dragbar-b5000-6-5ml-5-peach-mango","status":"publish","type":"product","link":"https:\/\/normandie.ma\/?product=dragbar-b5000-6-5ml-5-peach-mango","title":{"rendered":"DRAGBAR B5000 \u2013 6.5ml \/ 5% Peach Mango"},"content":{"rendered":"<p>Le Dragbar B5000 est la derni\u00e8re cr\u00e9ation de Zovoo sur le march\u00e9 des e-cigarettes jetables de grande capacit\u00e9. La premi\u00e8re e-cigarette jetable en forme de bo\u00eete de la famille Dragbar est la B5000.<br \/>\nIl contient 13ml d\u2019e-liquide pr\u00e9-rempli avec un taux de nicotine de 50mg. Le Dragbar 5000 utilise une r\u00e9sistance en maille et, comme son nom l\u2019indique, peut produire jusqu\u2019\u00e0 5000 bouff\u00e9es par barre. Il dispose d\u2019une batterie interne de 500mAh et peut \u00eatre recharg\u00e9 via USB Type C. 5% de Nicotine<br \/>\n    Environ 5000 bouff\u00e9es<br \/>\n    Capacit\u00e9 de 13ml<br \/>\n    Batterie 500mAh<br \/>\n    USB Type-C<\/p>\n","protected":false},"excerpt":{"rendered":"<p>Le Dragbar B5000 est la derni\u00e8re cr\u00e9ation de Zovoo sur le march\u00e9 des e-cigarettes jetables de grande capacit\u00e9. La premi\u00e8re e-cigarette jetable en forme de bo\u00eete de la famille Dragbar est la B5000. Il contient 13ml d\u2019e-liquide pr\u00e9-rempli avec un taux de nicotine de 50mg. Le Dragbar 5000 utilise une r\u00e9sistance en maille et, comme [&hellip;]<\/p>\n","protected":false},"featured_media":24703,"comment_status":"open","ping_status":"closed","template":"","meta":{"om_disable_all_campaigns":false,"_monsterinsights_skip_tracking":false,"_monsterinsights_sitenote_active":false,"_monsterinsights_sitenote_note":"","_monsterinsights_sitenote_category":0},"product_brand":[],"product_cat":[259,256],"product_tag":[],"class_list":{"0":"post-28593","1":"product","2":"type-product","3":"status-publish","4":"has-post-thumbnail","6":"product_cat-drag-bar","7":"product_cat-e-cigarettes-jetables","10":"first","11":"instock","12":"featured","13":"shipping-taxable","14":"purchasable","15":"product-type-simple"},"aioseo_notices":[],"jetpack_sharing_enabled":true,"_links":{"self":[{"href":"https:\/\/normandie.ma\/index.php?rest_route=\/wp\/v2\/product\/28593","targetHints":{"allow":["GET"]}}],"collection":[{"href":"https:\/\/normandie.ma\/index.php?rest_route=\/wp\/v2\/product"}],"about":[{"href":"https:\/\/normandie.ma\/index.php?rest_route=\/wp\/v2\/types\/product"}],"replies":[{"embeddable":true,"href":"https:\/\/normandie.ma\/index.php?rest_route=%2Fwp%2Fv2%2Fcomments&post=28593"}],"wp:featuredmedia":[{"embeddable":true,"href":"https:\/\/normandie.ma\/index.php?rest_route=\/wp\/v2\/media\/24703"}],"wp:attachment":[{"href":"https:\/\/normandie.ma\/index.php?rest_route=%2Fwp%2Fv2%2Fmedia&parent=28593"}],"wp:term":[{"taxonomy":"product_brand","embeddable":true,"href":"https:\/\/normandie.ma\/index.php?rest_route=%2Fwp%2Fv2%2Fproduct_brand&post=28593"},{"taxonomy":"product_cat","embeddable":true,"href":"https:\/\/normandie.ma\/index.php?rest_route=%2Fwp%2Fv2%2Fproduct_cat&post=28593"},{"taxonomy":"product_tag","embeddable":true,"href":"https:\/\/normandie.ma\/index.php?rest_route=%2Fwp%2Fv2%2Fproduct_tag&post=28593"}],"curies":[{"name":"wp","href":"https:\/\/api.w.org\/{rel}","templated":true}]}}