{"id":28685,"date":"2023-05-06T18:57:07","date_gmt":"2023-05-06T18:57:07","guid":{"rendered":"https:\/\/normandie.ma\/?product=bang-double-apple-30ml"},"modified":"2023-05-15T00:59:45","modified_gmt":"2023-05-15T00:59:45","slug":"bang-double-apple-30ml","status":"publish","type":"product","link":"https:\/\/normandie.ma\/?product=bang-double-apple-30ml","title":{"rendered":"Bang ! \u2013 Double Apple 30ml"},"content":{"rendered":"<p>L\u2019e-liquide Double Apple 30ml de la marque Bang! est un m\u00e9lange rafra\u00eechissant de pommes m\u00fbres. Vous go\u00fbterez les notes fra\u00eeches et acidul\u00e9es de la pomme verte !<\/p>\n","protected":false},"excerpt":{"rendered":"<p>L\u2019e-liquide Double Apple 30ml de la marque Bang! est un m\u00e9lange rafra\u00eechissant de pommes m\u00fbres. Vous go\u00fbterez les notes fra\u00eeches et acidul\u00e9es de la pomme verte !<\/p>\n","protected":false},"featured_media":24779,"comment_status":"open","ping_status":"closed","template":"","meta":{"om_disable_all_campaigns":false,"_monsterinsights_skip_tracking":false,"_monsterinsights_sitenote_active":false,"_monsterinsights_sitenote_note":"","_monsterinsights_sitenote_category":0},"product_brand":[],"product_cat":[273,270,271],"product_tag":[],"class_list":{"0":"post-28685","1":"product","2":"type-product","3":"status-publish","4":"has-post-thumbnail","6":"product_cat-bang","7":"product_cat-e-liquides","8":"product_cat-nos-marques-e-liquides","11":"first","12":"instock","13":"featured","14":"shipping-taxable","15":"purchasable","16":"product-type-variable"},"aioseo_notices":[],"jetpack_sharing_enabled":true,"_links":{"self":[{"href":"https:\/\/normandie.ma\/index.php?rest_route=\/wp\/v2\/product\/28685","targetHints":{"allow":["GET"]}}],"collection":[{"href":"https:\/\/normandie.ma\/index.php?rest_route=\/wp\/v2\/product"}],"about":[{"href":"https:\/\/normandie.ma\/index.php?rest_route=\/wp\/v2\/types\/product"}],"replies":[{"embeddable":true,"href":"https:\/\/normandie.ma\/index.php?rest_route=%2Fwp%2Fv2%2Fcomments&post=28685"}],"wp:featuredmedia":[{"embeddable":true,"href":"https:\/\/normandie.ma\/index.php?rest_route=\/wp\/v2\/media\/24779"}],"wp:attachment":[{"href":"https:\/\/normandie.ma\/index.php?rest_route=%2Fwp%2Fv2%2Fmedia&parent=28685"}],"wp:term":[{"taxonomy":"product_brand","embeddable":true,"href":"https:\/\/normandie.ma\/index.php?rest_route=%2Fwp%2Fv2%2Fproduct_brand&post=28685"},{"taxonomy":"product_cat","embeddable":true,"href":"https:\/\/normandie.ma\/index.php?rest_route=%2Fwp%2Fv2%2Fproduct_cat&post=28685"},{"taxonomy":"product_tag","embeddable":true,"href":"https:\/\/normandie.ma\/index.php?rest_route=%2Fwp%2Fv2%2Fproduct_tag&post=28685"}],"curies":[{"name":"wp","href":"https:\/\/api.w.org\/{rel}","templated":true}]}}