{"id":28689,"date":"2023-05-06T18:57:09","date_gmt":"2023-05-06T18:57:09","guid":{"rendered":"https:\/\/normandie.ma\/?product=bang-watermelon-rush-30ml"},"modified":"2023-05-15T00:57:19","modified_gmt":"2023-05-15T00:57:19","slug":"bang-watermelon-rush-30ml","status":"publish","type":"product","link":"https:\/\/normandie.ma\/?product=bang-watermelon-rush-30ml","title":{"rendered":"Bang ! \u2013 Watermelon Rush 30ml"},"content":{"rendered":"<p>L\u2019e-liquide Watermelon Rush 30ml de la marque Bang! offre les saveurs rafra\u00eechissantes de la fraise sucr\u00e9e et de la past\u00e8que juteuse \u00e0 chaque bouff\u00e9e.<\/p>\n","protected":false},"excerpt":{"rendered":"<p>L\u2019e-liquide Watermelon Rush 30ml de la marque Bang! offre les saveurs rafra\u00eechissantes de la fraise sucr\u00e9e et de la past\u00e8que juteuse \u00e0 chaque bouff\u00e9e.<\/p>\n","protected":false},"featured_media":24783,"comment_status":"open","ping_status":"closed","template":"","meta":{"om_disable_all_campaigns":false,"_monsterinsights_skip_tracking":false,"_monsterinsights_sitenote_active":false,"_monsterinsights_sitenote_note":"","_monsterinsights_sitenote_category":0},"product_brand":[],"product_cat":[273,270,271],"product_tag":[],"class_list":{"0":"post-28689","1":"product","2":"type-product","3":"status-publish","4":"has-post-thumbnail","6":"product_cat-bang","7":"product_cat-e-liquides","8":"product_cat-nos-marques-e-liquides","11":"first","12":"instock","13":"featured","14":"shipping-taxable","15":"purchasable","16":"product-type-variable"},"aioseo_notices":[],"jetpack_sharing_enabled":true,"_links":{"self":[{"href":"https:\/\/normandie.ma\/index.php?rest_route=\/wp\/v2\/product\/28689","targetHints":{"allow":["GET"]}}],"collection":[{"href":"https:\/\/normandie.ma\/index.php?rest_route=\/wp\/v2\/product"}],"about":[{"href":"https:\/\/normandie.ma\/index.php?rest_route=\/wp\/v2\/types\/product"}],"replies":[{"embeddable":true,"href":"https:\/\/normandie.ma\/index.php?rest_route=%2Fwp%2Fv2%2Fcomments&post=28689"}],"wp:featuredmedia":[{"embeddable":true,"href":"https:\/\/normandie.ma\/index.php?rest_route=\/wp\/v2\/media\/24783"}],"wp:attachment":[{"href":"https:\/\/normandie.ma\/index.php?rest_route=%2Fwp%2Fv2%2Fmedia&parent=28689"}],"wp:term":[{"taxonomy":"product_brand","embeddable":true,"href":"https:\/\/normandie.ma\/index.php?rest_route=%2Fwp%2Fv2%2Fproduct_brand&post=28689"},{"taxonomy":"product_cat","embeddable":true,"href":"https:\/\/normandie.ma\/index.php?rest_route=%2Fwp%2Fv2%2Fproduct_cat&post=28689"},{"taxonomy":"product_tag","embeddable":true,"href":"https:\/\/normandie.ma\/index.php?rest_route=%2Fwp%2Fv2%2Fproduct_tag&post=28689"}],"curies":[{"name":"wp","href":"https:\/\/api.w.org\/{rel}","templated":true}]}}