{"id":28731,"date":"2023-05-06T18:57:28","date_gmt":"2023-05-06T18:57:28","guid":{"rendered":"https:\/\/normandie.ma\/?product=paradise-fresh-apples-e-liquide-60ml"},"modified":"2023-06-14T00:03:18","modified_gmt":"2023-06-14T00:03:18","slug":"paradise-fresh-apples-e-liquide-60ml","status":"publish","type":"product","link":"https:\/\/normandie.ma\/?product=paradise-fresh-apples-e-liquide-60ml","title":{"rendered":"Paradise \u2013 Fresh Apples \u2013 E-liquide 60ml"},"content":{"rendered":"<p>Le Fresh Apples de la nouvelle gamme Paradise est un e-liquide des plus savoureux o\u00f9 vous retrouveriez le bon go\u00fbt de la pomme verte bien fra\u00eeche. Le Fresh Apples contient l\u2019ar\u00f4me naturel de pommes vertes bien juteuses. Cette gamme, qui sent bien l\u2019\u00e9t\u00e9, est faite sp\u00e9cialement pour tous les amateurs de fruits. Alors Profitez-en! Vous devez absolument l\u2019essayer avec l\u2019une de nos cigarettes \u00e9lectroniques de la marque Good Vapes Casablanca.<\/p>\n<p>Saveurs : Pommes vertes<\/p>\n","protected":false},"excerpt":{"rendered":"<p>Le Fresh Apples de la nouvelle gamme Paradise est un e-liquide des plus savoureux o\u00f9 vous retrouveriez le bon go\u00fbt de la pomme verte bien fra\u00eeche. Le Fresh Apples contient l\u2019ar\u00f4me naturel de pommes vertes bien juteuses. Cette gamme, qui sent bien l\u2019\u00e9t\u00e9, est faite sp\u00e9cialement pour tous les amateurs de fruits. Alors Profitez-en! Vous [&hellip;]<\/p>\n","protected":false},"featured_media":24819,"comment_status":"open","ping_status":"closed","template":"","meta":{"om_disable_all_campaigns":false,"_monsterinsights_skip_tracking":false,"_monsterinsights_sitenote_active":false,"_monsterinsights_sitenote_note":"","_monsterinsights_sitenote_category":0},"product_brand":[],"product_cat":[270,271,284],"product_tag":[],"class_list":{"0":"post-28731","1":"product","2":"type-product","3":"status-publish","4":"has-post-thumbnail","6":"product_cat-e-liquides","7":"product_cat-nos-marques-e-liquides","8":"product_cat-paradise-60ml","11":"first","12":"instock","13":"featured","14":"shipping-taxable","15":"purchasable","16":"product-type-variable"},"aioseo_notices":[],"jetpack_sharing_enabled":true,"_links":{"self":[{"href":"https:\/\/normandie.ma\/index.php?rest_route=\/wp\/v2\/product\/28731","targetHints":{"allow":["GET"]}}],"collection":[{"href":"https:\/\/normandie.ma\/index.php?rest_route=\/wp\/v2\/product"}],"about":[{"href":"https:\/\/normandie.ma\/index.php?rest_route=\/wp\/v2\/types\/product"}],"replies":[{"embeddable":true,"href":"https:\/\/normandie.ma\/index.php?rest_route=%2Fwp%2Fv2%2Fcomments&post=28731"}],"wp:featuredmedia":[{"embeddable":true,"href":"https:\/\/normandie.ma\/index.php?rest_route=\/wp\/v2\/media\/24819"}],"wp:attachment":[{"href":"https:\/\/normandie.ma\/index.php?rest_route=%2Fwp%2Fv2%2Fmedia&parent=28731"}],"wp:term":[{"taxonomy":"product_brand","embeddable":true,"href":"https:\/\/normandie.ma\/index.php?rest_route=%2Fwp%2Fv2%2Fproduct_brand&post=28731"},{"taxonomy":"product_cat","embeddable":true,"href":"https:\/\/normandie.ma\/index.php?rest_route=%2Fwp%2Fv2%2Fproduct_cat&post=28731"},{"taxonomy":"product_tag","embeddable":true,"href":"https:\/\/normandie.ma\/index.php?rest_route=%2Fwp%2Fv2%2Fproduct_tag&post=28731"}],"curies":[{"name":"wp","href":"https:\/\/api.w.org\/{rel}","templated":true}]}}