{"id":28757,"date":"2023-05-06T18:57:41","date_gmt":"2023-05-06T18:57:41","guid":{"rendered":"https:\/\/normandie.ma\/?product=euphoria-ice-space-bomb-e-liquide-30ml"},"modified":"2023-05-14T18:52:21","modified_gmt":"2023-05-14T18:52:21","slug":"euphoria-ice-space-bomb-e-liquide-30ml","status":"publish","type":"product","link":"https:\/\/normandie.ma\/?product=euphoria-ice-space-bomb-e-liquide-30ml","title":{"rendered":"Euphoria Ice \u2013 Space Bomb \u2013 E-liquide 30ml"},"content":{"rendered":"<p>Euphoria vous propose son nouveau e-liquide Space Bomb 30ml dont vous pouvez d\u00e9sormais pleinement en profiter! Un moment acidul\u00e9 , fruit\u00e9 et purement tonifiant avec un beau nuage de vapeur plein de peps et d\u2019\u00e9nergie. Il combine parfaitement la puissance du zeste de citron vert adoucie par la saveur sucr\u00e9e du melon et d\u2019agrumes pour vous offrir un cocktail si rafra\u00eechissant et p\u00e9tillant \u00e0 savourer sans limite. Vous devriez absolument l\u2019essayer avec l\u2019une de nos cigarettes \u00e9lectroniques de la marque Good Vapes Casablanca.<\/p>\n<p>Saveurs : Citron vert \/ Melon \/ Agrumes<\/p>\n","protected":false},"excerpt":{"rendered":"<p>Euphoria vous propose son nouveau e-liquide Space Bomb 30ml dont vous pouvez d\u00e9sormais pleinement en profiter! Un moment acidul\u00e9 , fruit\u00e9 et purement tonifiant avec un beau nuage de vapeur plein de peps et d\u2019\u00e9nergie. Il combine parfaitement la puissance du zeste de citron vert adoucie par la saveur sucr\u00e9e du melon et d\u2019agrumes pour [&hellip;]<\/p>\n","protected":false},"featured_media":24843,"comment_status":"open","ping_status":"closed","template":"","meta":{"om_disable_all_campaigns":false,"_monsterinsights_skip_tracking":false,"_monsterinsights_sitenote_active":false,"_monsterinsights_sitenote_note":"","_monsterinsights_sitenote_category":0},"product_brand":[],"product_cat":[270,290,271],"product_tag":[],"class_list":{"0":"post-28757","1":"product","2":"type-product","3":"status-publish","4":"has-post-thumbnail","6":"product_cat-e-liquides","7":"product_cat-euphoria-30ml","8":"product_cat-nos-marques-e-liquides","11":"first","12":"instock","13":"featured","14":"shipping-taxable","15":"purchasable","16":"product-type-variable"},"aioseo_notices":[],"jetpack_sharing_enabled":true,"_links":{"self":[{"href":"https:\/\/normandie.ma\/index.php?rest_route=\/wp\/v2\/product\/28757","targetHints":{"allow":["GET"]}}],"collection":[{"href":"https:\/\/normandie.ma\/index.php?rest_route=\/wp\/v2\/product"}],"about":[{"href":"https:\/\/normandie.ma\/index.php?rest_route=\/wp\/v2\/types\/product"}],"replies":[{"embeddable":true,"href":"https:\/\/normandie.ma\/index.php?rest_route=%2Fwp%2Fv2%2Fcomments&post=28757"}],"wp:featuredmedia":[{"embeddable":true,"href":"https:\/\/normandie.ma\/index.php?rest_route=\/wp\/v2\/media\/24843"}],"wp:attachment":[{"href":"https:\/\/normandie.ma\/index.php?rest_route=%2Fwp%2Fv2%2Fmedia&parent=28757"}],"wp:term":[{"taxonomy":"product_brand","embeddable":true,"href":"https:\/\/normandie.ma\/index.php?rest_route=%2Fwp%2Fv2%2Fproduct_brand&post=28757"},{"taxonomy":"product_cat","embeddable":true,"href":"https:\/\/normandie.ma\/index.php?rest_route=%2Fwp%2Fv2%2Fproduct_cat&post=28757"},{"taxonomy":"product_tag","embeddable":true,"href":"https:\/\/normandie.ma\/index.php?rest_route=%2Fwp%2Fv2%2Fproduct_tag&post=28757"}],"curies":[{"name":"wp","href":"https:\/\/api.w.org\/{rel}","templated":true}]}}