{"id":28862,"date":"2023-05-06T18:58:32","date_gmt":"2023-05-06T18:58:32","guid":{"rendered":"https:\/\/normandie.ma\/?product=five-star-juice-caramel-nutz-e-liquide-120ml-2"},"modified":"2023-06-13T22:41:06","modified_gmt":"2023-06-13T22:41:06","slug":"five-star-juice-caramel-nutz-e-liquide-120ml-2","status":"publish","type":"product","link":"https:\/\/normandie.ma\/?product=five-star-juice-caramel-nutz-e-liquide-120ml-2","title":{"rendered":"Five Star Juice \u2013 Caramel Nutz \u2013 E-liquide 120ml"},"content":{"rendered":"<p>Un caramel traditionnel robuste et plein de saveur, accompagn\u00e9 d\u2019un arri\u00e8re-go\u00fbt de noisette pour compl\u00e9ter ce d\u00e9lice sal\u00e9. Vous devez l\u2019essayer \u00e0 l\u2019aide de notre cigarette \u00e9lectronique de chez Good Vapes Casablanca.<\/p>\n<p>Saveurs : Caramel \/ Noisette<\/p>\n","protected":false},"excerpt":{"rendered":"<p>Un caramel traditionnel robuste et plein de saveur, accompagn\u00e9 d\u2019un arri\u00e8re-go\u00fbt de noisette pour compl\u00e9ter ce d\u00e9lice sal\u00e9. Vous devez l\u2019essayer \u00e0 l\u2019aide de notre cigarette \u00e9lectronique de chez Good Vapes Casablanca. Saveurs : Caramel \/ Noisette<\/p>\n","protected":false},"featured_media":24929,"comment_status":"open","ping_status":"closed","template":"","meta":{"om_disable_all_campaigns":false,"_monsterinsights_skip_tracking":false,"_monsterinsights_sitenote_active":false,"_monsterinsights_sitenote_note":"","_monsterinsights_sitenote_category":0},"product_brand":[],"product_cat":[300,270,298],"product_tag":[],"class_list":{"0":"post-28862","1":"product","2":"type-product","3":"status-publish","4":"has-post-thumbnail","6":"product_cat-03mg","7":"product_cat-e-liquides","8":"product_cat-filtre-par-dosage-de-nicotine","11":"first","12":"instock","13":"featured","14":"shipping-taxable","15":"purchasable","16":"product-type-variable"},"aioseo_notices":[],"jetpack_sharing_enabled":true,"_links":{"self":[{"href":"https:\/\/normandie.ma\/index.php?rest_route=\/wp\/v2\/product\/28862","targetHints":{"allow":["GET"]}}],"collection":[{"href":"https:\/\/normandie.ma\/index.php?rest_route=\/wp\/v2\/product"}],"about":[{"href":"https:\/\/normandie.ma\/index.php?rest_route=\/wp\/v2\/types\/product"}],"replies":[{"embeddable":true,"href":"https:\/\/normandie.ma\/index.php?rest_route=%2Fwp%2Fv2%2Fcomments&post=28862"}],"wp:featuredmedia":[{"embeddable":true,"href":"https:\/\/normandie.ma\/index.php?rest_route=\/wp\/v2\/media\/24929"}],"wp:attachment":[{"href":"https:\/\/normandie.ma\/index.php?rest_route=%2Fwp%2Fv2%2Fmedia&parent=28862"}],"wp:term":[{"taxonomy":"product_brand","embeddable":true,"href":"https:\/\/normandie.ma\/index.php?rest_route=%2Fwp%2Fv2%2Fproduct_brand&post=28862"},{"taxonomy":"product_cat","embeddable":true,"href":"https:\/\/normandie.ma\/index.php?rest_route=%2Fwp%2Fv2%2Fproduct_cat&post=28862"},{"taxonomy":"product_tag","embeddable":true,"href":"https:\/\/normandie.ma\/index.php?rest_route=%2Fwp%2Fv2%2Fproduct_tag&post=28862"}],"curies":[{"name":"wp","href":"https:\/\/api.w.org\/{rel}","templated":true}]}}