{"id":28866,"date":"2023-05-06T18:58:33","date_gmt":"2023-05-06T18:58:33","guid":{"rendered":"https:\/\/normandie.ma\/?product=beard-the-one-apple-e-liquide-100ml-2"},"modified":"2023-06-13T22:41:06","modified_gmt":"2023-06-13T22:41:06","slug":"beard-the-one-apple-e-liquide-100ml-2","status":"publish","type":"product","link":"https:\/\/normandie.ma\/?product=beard-the-one-apple-e-liquide-100ml-2","title":{"rendered":"Beard \u2013 The One Apple \u2013 E-liquide 100ml"},"content":{"rendered":"<p>Apple Cinnamon Donut de The One Beard vape est un e-liquide de premi\u00e8re qualit\u00e9 qui prend le profil de saveur d\u2019un beignet fra\u00eechement cuit recouvert d\u2019un gla\u00e7age aux pommes et \u00e0 la cannelle tremp\u00e9e dans du lait doux et cr\u00e9meux pour vous cr\u00e9er une bonne exp\u00e9rience de vape \u00e0 l\u2019aide de notre cigarette \u00e9lectronique de votre marque pr\u00e9f\u00e9r\u00e9e de chez Good Vapes Casablanca. C\u2019est un condens\u00e9 de saveur gourmande et fruit\u00e9e pour une exp\u00e9rience extr\u00eamement fondante et irr\u00e9sistiblement sucr\u00e9e !<\/p>\n<p>Saveurs : Beignet cr\u00e9meux \/ Glacage \u00e0 la pomme et la cannelle<\/p>\n","protected":false},"excerpt":{"rendered":"<p>Apple Cinnamon Donut de The One Beard vape est un e-liquide de premi\u00e8re qualit\u00e9 qui prend le profil de saveur d\u2019un beignet fra\u00eechement cuit recouvert d\u2019un gla\u00e7age aux pommes et \u00e0 la cannelle tremp\u00e9e dans du lait doux et cr\u00e9meux pour vous cr\u00e9er une bonne exp\u00e9rience de vape \u00e0 l\u2019aide de notre cigarette \u00e9lectronique de [&hellip;]<\/p>\n","protected":false},"featured_media":24933,"comment_status":"open","ping_status":"closed","template":"","meta":{"om_disable_all_campaigns":false,"_monsterinsights_skip_tracking":false,"_monsterinsights_sitenote_active":false,"_monsterinsights_sitenote_note":"","_monsterinsights_sitenote_category":0},"product_brand":[],"product_cat":[300,270,298],"product_tag":[],"class_list":{"0":"post-28866","1":"product","2":"type-product","3":"status-publish","4":"has-post-thumbnail","6":"product_cat-03mg","7":"product_cat-e-liquides","8":"product_cat-filtre-par-dosage-de-nicotine","11":"first","12":"instock","13":"featured","14":"shipping-taxable","15":"purchasable","16":"product-type-variable"},"aioseo_notices":[],"jetpack_sharing_enabled":true,"_links":{"self":[{"href":"https:\/\/normandie.ma\/index.php?rest_route=\/wp\/v2\/product\/28866","targetHints":{"allow":["GET"]}}],"collection":[{"href":"https:\/\/normandie.ma\/index.php?rest_route=\/wp\/v2\/product"}],"about":[{"href":"https:\/\/normandie.ma\/index.php?rest_route=\/wp\/v2\/types\/product"}],"replies":[{"embeddable":true,"href":"https:\/\/normandie.ma\/index.php?rest_route=%2Fwp%2Fv2%2Fcomments&post=28866"}],"wp:featuredmedia":[{"embeddable":true,"href":"https:\/\/normandie.ma\/index.php?rest_route=\/wp\/v2\/media\/24933"}],"wp:attachment":[{"href":"https:\/\/normandie.ma\/index.php?rest_route=%2Fwp%2Fv2%2Fmedia&parent=28866"}],"wp:term":[{"taxonomy":"product_brand","embeddable":true,"href":"https:\/\/normandie.ma\/index.php?rest_route=%2Fwp%2Fv2%2Fproduct_brand&post=28866"},{"taxonomy":"product_cat","embeddable":true,"href":"https:\/\/normandie.ma\/index.php?rest_route=%2Fwp%2Fv2%2Fproduct_cat&post=28866"},{"taxonomy":"product_tag","embeddable":true,"href":"https:\/\/normandie.ma\/index.php?rest_route=%2Fwp%2Fv2%2Fproduct_tag&post=28866"}],"curies":[{"name":"wp","href":"https:\/\/api.w.org\/{rel}","templated":true}]}}