{"id":28933,"date":"2023-05-06T18:59:06","date_gmt":"2023-05-06T18:59:06","guid":{"rendered":"https:\/\/normandie.ma\/?product=the-medusa-juice-pure-gold-30-ml"},"modified":"2023-05-11T00:34:37","modified_gmt":"2023-05-11T00:34:37","slug":"the-medusa-juice-pure-gold-30-ml","status":"publish","type":"product","link":"https:\/\/normandie.ma\/?product=the-medusa-juice-pure-gold-30-ml","title":{"rendered":"The Medusa Juice \u2013 Pure Gold 30 ml"},"content":{"rendered":"<p>L\u2019e-liquide Pure Gold 30ml de la marque The Medusa Juice, il s\u2019agit d\u2019un m\u00e9lange de poires, d\u2019abricots et de fraises gorg\u00e9 de soleil et de sucre rafra\u00eechissant. Le Pure Gold par Medusa vous r\u00e9v\u00e8lera son incroyable saveur tout au long de votre journ\u00e9e. Il vous offrira un moment de r\u00e9confort bien m\u00e9rit\u00e9 gr\u00e2ce \u00e0 sa composition all\u00e9chante et bien \u00e9quilibr\u00e9e.<\/p>\n","protected":false},"excerpt":{"rendered":"<p>L\u2019e-liquide Pure Gold 30ml de la marque The Medusa Juice, il s\u2019agit d\u2019un m\u00e9lange de poires, d\u2019abricots et de fraises gorg\u00e9 de soleil et de sucre rafra\u00eechissant. Le Pure Gold par Medusa vous r\u00e9v\u00e8lera son incroyable saveur tout au long de votre journ\u00e9e. Il vous offrira un moment de r\u00e9confort bien m\u00e9rit\u00e9 gr\u00e2ce \u00e0 sa [&hellip;]<\/p>\n","protected":false},"featured_media":24992,"comment_status":"open","ping_status":"closed","template":"","meta":{"om_disable_all_campaigns":false,"_monsterinsights_skip_tracking":false,"_monsterinsights_sitenote_active":false,"_monsterinsights_sitenote_note":"","_monsterinsights_sitenote_category":0},"product_brand":[],"product_cat":[304,270,303],"product_tag":[],"class_list":{"0":"post-28933","1":"product","2":"type-product","3":"status-publish","4":"has-post-thumbnail","6":"product_cat-30ml-filtre-par-volume","7":"product_cat-e-liquides","8":"product_cat-filtre-par-volume","11":"first","12":"instock","13":"featured","14":"shipping-taxable","15":"purchasable","16":"product-type-variable"},"aioseo_notices":[],"jetpack_sharing_enabled":true,"_links":{"self":[{"href":"https:\/\/normandie.ma\/index.php?rest_route=\/wp\/v2\/product\/28933","targetHints":{"allow":["GET"]}}],"collection":[{"href":"https:\/\/normandie.ma\/index.php?rest_route=\/wp\/v2\/product"}],"about":[{"href":"https:\/\/normandie.ma\/index.php?rest_route=\/wp\/v2\/types\/product"}],"replies":[{"embeddable":true,"href":"https:\/\/normandie.ma\/index.php?rest_route=%2Fwp%2Fv2%2Fcomments&post=28933"}],"wp:featuredmedia":[{"embeddable":true,"href":"https:\/\/normandie.ma\/index.php?rest_route=\/wp\/v2\/media\/24992"}],"wp:attachment":[{"href":"https:\/\/normandie.ma\/index.php?rest_route=%2Fwp%2Fv2%2Fmedia&parent=28933"}],"wp:term":[{"taxonomy":"product_brand","embeddable":true,"href":"https:\/\/normandie.ma\/index.php?rest_route=%2Fwp%2Fv2%2Fproduct_brand&post=28933"},{"taxonomy":"product_cat","embeddable":true,"href":"https:\/\/normandie.ma\/index.php?rest_route=%2Fwp%2Fv2%2Fproduct_cat&post=28933"},{"taxonomy":"product_tag","embeddable":true,"href":"https:\/\/normandie.ma\/index.php?rest_route=%2Fwp%2Fv2%2Fproduct_tag&post=28933"}],"curies":[{"name":"wp","href":"https:\/\/api.w.org\/{rel}","templated":true}]}}