{"id":29054,"date":"2023-05-06T19:00:05","date_gmt":"2023-05-06T19:00:05","guid":{"rendered":"https:\/\/normandie.ma\/?product=the-drip-factory-blueberry-parfait-e-liquide-60ml-3"},"modified":"2023-06-13T22:45:43","modified_gmt":"2023-06-13T22:45:43","slug":"the-drip-factory-blueberry-parfait-e-liquide-60ml-3","status":"publish","type":"product","link":"https:\/\/normandie.ma\/?product=the-drip-factory-blueberry-parfait-e-liquide-60ml-3","title":{"rendered":"The Drip Factory \u2013 Blueberry Parfait \u2013 E-liquide 60ml"},"content":{"rendered":"<p>Le nouveau Blueberry Parfait de la marque The Drip \u00e0 la composition d\u2019un petit d\u00e9jeuner id\u00e9al se fait d\u00e9marqu\u00e9 des autres e-liquides gourmands que vous avez l\u2019habitude de vapoter. Une mixture cr\u00e9ative et tr\u00e8s \u00e9quilibr\u00e9e d\u2019une puissance onctueuse d\u2019un dessert cr\u00e9meux et fruit\u00e9. Craquez pour le go\u00fbt original de myrtilles sucr\u00e9es envelopp\u00e9 sous une bonne couche d\u2019un yaourt grec et de biscuit \u00e0 la saveur ultra-cr\u00e9meuse. Vous devez absolument l\u2019essayer avec l\u2019une de nos cigarettes \u00e9lectroniques de la marque Good Vapes Casablanca.<\/p>\n<p>Saveurs : Myrtilles \/ Yaourt grec \/ Biscuit<\/p>\n","protected":false},"excerpt":{"rendered":"<p>Le nouveau Blueberry Parfait de la marque The Drip \u00e0 la composition d\u2019un petit d\u00e9jeuner id\u00e9al se fait d\u00e9marqu\u00e9 des autres e-liquides gourmands que vous avez l\u2019habitude de vapoter. Une mixture cr\u00e9ative et tr\u00e8s \u00e9quilibr\u00e9e d\u2019une puissance onctueuse d\u2019un dessert cr\u00e9meux et fruit\u00e9. Craquez pour le go\u00fbt original de myrtilles sucr\u00e9es envelopp\u00e9 sous une bonne [&hellip;]<\/p>\n","protected":false},"featured_media":25089,"comment_status":"open","ping_status":"closed","template":"","meta":{"om_disable_all_campaigns":false,"_monsterinsights_skip_tracking":false,"_monsterinsights_sitenote_active":false,"_monsterinsights_sitenote_note":"","_monsterinsights_sitenote_category":0},"product_brand":[],"product_cat":[270,373,311],"product_tag":[],"class_list":{"0":"post-29054","1":"product","2":"type-product","3":"status-publish","4":"has-post-thumbnail","6":"product_cat-e-liquides","7":"product_cat-filtre-par-gout","8":"product_cat-gourmand","11":"first","12":"instock","13":"featured","14":"shipping-taxable","15":"purchasable","16":"product-type-variable"},"aioseo_notices":[],"jetpack_sharing_enabled":true,"_links":{"self":[{"href":"https:\/\/normandie.ma\/index.php?rest_route=\/wp\/v2\/product\/29054","targetHints":{"allow":["GET"]}}],"collection":[{"href":"https:\/\/normandie.ma\/index.php?rest_route=\/wp\/v2\/product"}],"about":[{"href":"https:\/\/normandie.ma\/index.php?rest_route=\/wp\/v2\/types\/product"}],"replies":[{"embeddable":true,"href":"https:\/\/normandie.ma\/index.php?rest_route=%2Fwp%2Fv2%2Fcomments&post=29054"}],"wp:featuredmedia":[{"embeddable":true,"href":"https:\/\/normandie.ma\/index.php?rest_route=\/wp\/v2\/media\/25089"}],"wp:attachment":[{"href":"https:\/\/normandie.ma\/index.php?rest_route=%2Fwp%2Fv2%2Fmedia&parent=29054"}],"wp:term":[{"taxonomy":"product_brand","embeddable":true,"href":"https:\/\/normandie.ma\/index.php?rest_route=%2Fwp%2Fv2%2Fproduct_brand&post=29054"},{"taxonomy":"product_cat","embeddable":true,"href":"https:\/\/normandie.ma\/index.php?rest_route=%2Fwp%2Fv2%2Fproduct_cat&post=29054"},{"taxonomy":"product_tag","embeddable":true,"href":"https:\/\/normandie.ma\/index.php?rest_route=%2Fwp%2Fv2%2Fproduct_tag&post=29054"}],"curies":[{"name":"wp","href":"https:\/\/api.w.org\/{rel}","templated":true}]}}