{"id":29059,"date":"2023-05-06T19:00:07","date_gmt":"2023-05-06T19:00:07","guid":{"rendered":"https:\/\/normandie.ma\/?product=beard-the-one-marshmallow-milk-100ml-4"},"modified":"2023-06-13T22:45:42","modified_gmt":"2023-06-13T22:45:42","slug":"beard-the-one-marshmallow-milk-100ml-4","status":"publish","type":"product","link":"https:\/\/normandie.ma\/?product=beard-the-one-marshmallow-milk-100ml-4","title":{"rendered":"Beard \u2013 The One Marshmallow Milk 100ml"},"content":{"rendered":"<p>Pr\u00e9parez vos papilles gustatives \u00e0 cette nouvelle recette exceptionnelle The One Marshmallow Milk propos\u00e9e par la marque The Beard. The One Marshmallow Milk est compos\u00e9 de guimauves, de lait et de donuts. Sa mixture parfaite vous r\u00e9serve une saveur gourmande ronde et ultra fondante, et dont les ar\u00f4mes ont \u00e9t\u00e9 choisi par soin. Vous devriez absolument l\u2019essayer avec l\u2019une de nos cigarettes \u00e9lectroniques de la marque Good Vapes Casablanca.<\/p>\n<p>Saveurs : Guimauves\/ Lait\/ Donuts<\/p>\n","protected":false},"excerpt":{"rendered":"<p>Pr\u00e9parez vos papilles gustatives \u00e0 cette nouvelle recette exceptionnelle The One Marshmallow Milk propos\u00e9e par la marque The Beard. The One Marshmallow Milk est compos\u00e9 de guimauves, de lait et de donuts. Sa mixture parfaite vous r\u00e9serve une saveur gourmande ronde et ultra fondante, et dont les ar\u00f4mes ont \u00e9t\u00e9 choisi par soin. Vous devriez [&hellip;]<\/p>\n","protected":false},"featured_media":25094,"comment_status":"open","ping_status":"closed","template":"","meta":{"om_disable_all_campaigns":false,"_monsterinsights_skip_tracking":false,"_monsterinsights_sitenote_active":false,"_monsterinsights_sitenote_note":"","_monsterinsights_sitenote_category":0},"product_brand":[],"product_cat":[270,373,311],"product_tag":[],"class_list":{"0":"post-29059","1":"product","2":"type-product","3":"status-publish","4":"has-post-thumbnail","6":"product_cat-e-liquides","7":"product_cat-filtre-par-gout","8":"product_cat-gourmand","11":"first","12":"instock","13":"featured","14":"shipping-taxable","15":"purchasable","16":"product-type-variable"},"aioseo_notices":[],"jetpack_sharing_enabled":true,"_links":{"self":[{"href":"https:\/\/normandie.ma\/index.php?rest_route=\/wp\/v2\/product\/29059","targetHints":{"allow":["GET"]}}],"collection":[{"href":"https:\/\/normandie.ma\/index.php?rest_route=\/wp\/v2\/product"}],"about":[{"href":"https:\/\/normandie.ma\/index.php?rest_route=\/wp\/v2\/types\/product"}],"replies":[{"embeddable":true,"href":"https:\/\/normandie.ma\/index.php?rest_route=%2Fwp%2Fv2%2Fcomments&post=29059"}],"wp:featuredmedia":[{"embeddable":true,"href":"https:\/\/normandie.ma\/index.php?rest_route=\/wp\/v2\/media\/25094"}],"wp:attachment":[{"href":"https:\/\/normandie.ma\/index.php?rest_route=%2Fwp%2Fv2%2Fmedia&parent=29059"}],"wp:term":[{"taxonomy":"product_brand","embeddable":true,"href":"https:\/\/normandie.ma\/index.php?rest_route=%2Fwp%2Fv2%2Fproduct_brand&post=29059"},{"taxonomy":"product_cat","embeddable":true,"href":"https:\/\/normandie.ma\/index.php?rest_route=%2Fwp%2Fv2%2Fproduct_cat&post=29059"},{"taxonomy":"product_tag","embeddable":true,"href":"https:\/\/normandie.ma\/index.php?rest_route=%2Fwp%2Fv2%2Fproduct_tag&post=29059"}],"curies":[{"name":"wp","href":"https:\/\/api.w.org\/{rel}","templated":true}]}}