{"id":29070,"date":"2023-05-06T19:00:14","date_gmt":"2023-05-06T19:00:14","guid":{"rendered":"https:\/\/normandie.ma\/?product=aurora-salts-pasteque-kiwi-fraise-30ml"},"modified":"2023-05-10T17:45:21","modified_gmt":"2023-05-10T17:45:21","slug":"aurora-salts-pasteque-kiwi-fraise-30ml","status":"publish","type":"product","link":"https:\/\/normandie.ma\/?product=aurora-salts-pasteque-kiwi-fraise-30ml","title":{"rendered":"Aurora Salts -Pasteque kiwi fraise- 30ml"},"content":{"rendered":"<p>L\u2019e-liquide Salt Past\u00e8que kiwi fraise de la marque Aurora Salts capture le go\u00fbt des tropiques. Le go\u00fbt sucr\u00e9 et juteux de la fraise est compl\u00e9t\u00e9 par la past\u00e8que, \u00e0 laquelle le kiwi apporte une note finale acidul\u00e9e.<\/p>\n","protected":false},"excerpt":{"rendered":"<p>L\u2019e-liquide Salt Past\u00e8que kiwi fraise de la marque Aurora Salts capture le go\u00fbt des tropiques. Le go\u00fbt sucr\u00e9 et juteux de la fraise est compl\u00e9t\u00e9 par la past\u00e8que, \u00e0 laquelle le kiwi apporte une note finale acidul\u00e9e.<\/p>\n","protected":false},"featured_media":25105,"comment_status":"open","ping_status":"closed","template":"","meta":{"om_disable_all_campaigns":false,"_monsterinsights_skip_tracking":false,"_monsterinsights_sitenote_active":false,"_monsterinsights_sitenote_note":"","_monsterinsights_sitenote_category":0},"product_brand":[],"product_cat":[314,224,208],"product_tag":[],"class_list":{"0":"post-29070","1":"product","2":"type-product","3":"status-publish","4":"has-post-thumbnail","6":"product_cat-aurora-salts","7":"product_cat-mrq-salt","8":"product_cat-salt","11":"first","12":"instock","13":"featured","14":"shipping-taxable","15":"purchasable","16":"product-type-variable"},"aioseo_notices":[],"jetpack_sharing_enabled":true,"_links":{"self":[{"href":"https:\/\/normandie.ma\/index.php?rest_route=\/wp\/v2\/product\/29070","targetHints":{"allow":["GET"]}}],"collection":[{"href":"https:\/\/normandie.ma\/index.php?rest_route=\/wp\/v2\/product"}],"about":[{"href":"https:\/\/normandie.ma\/index.php?rest_route=\/wp\/v2\/types\/product"}],"replies":[{"embeddable":true,"href":"https:\/\/normandie.ma\/index.php?rest_route=%2Fwp%2Fv2%2Fcomments&post=29070"}],"wp:featuredmedia":[{"embeddable":true,"href":"https:\/\/normandie.ma\/index.php?rest_route=\/wp\/v2\/media\/25105"}],"wp:attachment":[{"href":"https:\/\/normandie.ma\/index.php?rest_route=%2Fwp%2Fv2%2Fmedia&parent=29070"}],"wp:term":[{"taxonomy":"product_brand","embeddable":true,"href":"https:\/\/normandie.ma\/index.php?rest_route=%2Fwp%2Fv2%2Fproduct_brand&post=29070"},{"taxonomy":"product_cat","embeddable":true,"href":"https:\/\/normandie.ma\/index.php?rest_route=%2Fwp%2Fv2%2Fproduct_cat&post=29070"},{"taxonomy":"product_tag","embeddable":true,"href":"https:\/\/normandie.ma\/index.php?rest_route=%2Fwp%2Fv2%2Fproduct_tag&post=29070"}],"curies":[{"name":"wp","href":"https:\/\/api.w.org\/{rel}","templated":true}]}}