{"id":29137,"date":"2023-05-06T19:00:45","date_gmt":"2023-05-06T19:00:45","guid":{"rendered":"https:\/\/normandie.ma\/?product=stlth-5k-ice-mint-5"},"modified":"2023-05-06T19:00:45","modified_gmt":"2023-05-06T19:00:45","slug":"stlth-5k-ice-mint-5","status":"publish","type":"product","link":"https:\/\/normandie.ma\/?product=stlth-5k-ice-mint-5","title":{"rendered":"STLTH 5K &#8211; Ice Mint 5%"},"content":{"rendered":"<p>Menthe l\u00e9g\u00e8re glac\u00e9e jusqu&#8217;\u00e0 l&#8217;os pour un rafra\u00eechissement ultime<\/p>\n<p>STLTH 5K est con\u00e7u pour offrir une exp\u00e9rience de vape jetable exceptionnelle avec toute la qualit\u00e9 et la transparence d&#8217;un produit de vape canadien livr\u00e9 sous la forme pratique d&#8217;un jetable.<\/p>\n<p>Le m\u00e9lange de nicotine utilis\u00e9 dans les produits jetables STLTH est exclusif et sp\u00e9cialement con\u00e7u pour offrir \u00e0 l&#8217;utilisateur une exp\u00e9rience fluide et r\u00e9aliste pour aider les fumeurs adultes qui cherchent \u00e0 abandonner les sources traditionnelles de nicotine \u00e0 base de tabac comme les cigarettes et les cigares.<\/p>\n<p>Avec STLTH 5K, vous ne gaspillerez aucun e-liquide dans votre jetable parce que vous n&#8217;avez plus de charge. La conception rechargeable signifie que vous obtenez plus de votre jetable STLTH, et les voyants de charge permettent de savoir facilement quand il est temps de le brancher.<\/p>\n<p>L&#8217;indicateur de charge s&#8217;allume en vert lorsque votre appareil est en charge et s&#8217;\u00e9teint lorsqu&#8217;il est plein. Lorsque vous utilisez votre jetable STLTH 5K, l&#8217;indicateur s&#8217;active et affiche soit le vert pour une charge compl\u00e8te \u00e0 60 % ou le niveau d&#8217;e-liquide, le jaune pour 60 % \u00e0 30 % ou le rouge pour tout ce qui est inf\u00e9rieur \u00e0 30 %. Si votre STLTH 5K est totalement d\u00e9charg\u00e9 ou e-liquide, le voyant lumineux clignotera en rouge. Pour de meilleurs r\u00e9sultats, il est recommand\u00e9 de charger votre appareil lorsque le voyant devient rouge pour la premi\u00e8re fois. Bouff\u00e9es : Jusqu&#8217;\u00e0 5000 bouff\u00e9es<br \/>\nVolume : 10 ml d&#8217;e-liquide<br \/>\nNicotine : 50 MG\/mL<br \/>\nBatterie :  620 MAH<\/p>\n","protected":false},"excerpt":{"rendered":"<p>Menthe l\u00e9g\u00e8re glac\u00e9e jusqu&#8217;\u00e0 l&#8217;os pour un rafra\u00eechissement ultime STLTH 5K est con\u00e7u pour offrir une exp\u00e9rience de vape jetable exceptionnelle avec toute la qualit\u00e9 et la transparence d&#8217;un produit de vape canadien livr\u00e9 sous la forme pratique d&#8217;un jetable. Le m\u00e9lange de nicotine utilis\u00e9 dans les produits jetables STLTH est exclusif et sp\u00e9cialement con\u00e7u [&hellip;]<\/p>\n","protected":false},"featured_media":25155,"comment_status":"open","ping_status":"closed","template":"","meta":{"om_disable_all_campaigns":false,"_monsterinsights_skip_tracking":false,"_monsterinsights_sitenote_active":false,"_monsterinsights_sitenote_note":"","_monsterinsights_sitenote_category":0},"product_brand":[],"product_cat":[256,322],"product_tag":[],"class_list":{"0":"post-29137","1":"product","2":"type-product","3":"status-publish","4":"has-post-thumbnail","6":"product_cat-e-cigarettes-jetables","7":"product_cat-stlth-e-cigarette-jetables","10":"first","11":"instock","12":"featured","13":"shipping-taxable","14":"purchasable","15":"product-type-simple"},"aioseo_notices":[],"jetpack_sharing_enabled":true,"_links":{"self":[{"href":"https:\/\/normandie.ma\/index.php?rest_route=\/wp\/v2\/product\/29137","targetHints":{"allow":["GET"]}}],"collection":[{"href":"https:\/\/normandie.ma\/index.php?rest_route=\/wp\/v2\/product"}],"about":[{"href":"https:\/\/normandie.ma\/index.php?rest_route=\/wp\/v2\/types\/product"}],"replies":[{"embeddable":true,"href":"https:\/\/normandie.ma\/index.php?rest_route=%2Fwp%2Fv2%2Fcomments&post=29137"}],"wp:featuredmedia":[{"embeddable":true,"href":"https:\/\/normandie.ma\/index.php?rest_route=\/wp\/v2\/media\/25155"}],"wp:attachment":[{"href":"https:\/\/normandie.ma\/index.php?rest_route=%2Fwp%2Fv2%2Fmedia&parent=29137"}],"wp:term":[{"taxonomy":"product_brand","embeddable":true,"href":"https:\/\/normandie.ma\/index.php?rest_route=%2Fwp%2Fv2%2Fproduct_brand&post=29137"},{"taxonomy":"product_cat","embeddable":true,"href":"https:\/\/normandie.ma\/index.php?rest_route=%2Fwp%2Fv2%2Fproduct_cat&post=29137"},{"taxonomy":"product_tag","embeddable":true,"href":"https:\/\/normandie.ma\/index.php?rest_route=%2Fwp%2Fv2%2Fproduct_tag&post=29137"}],"curies":[{"name":"wp","href":"https:\/\/api.w.org\/{rel}","templated":true}]}}