{"id":31522,"date":"2023-05-27T17:40:09","date_gmt":"2023-05-27T17:40:09","guid":{"rendered":"https:\/\/normandie.ma\/?product=cartouche-smok-morph-40-rpm-pod"},"modified":"2023-05-27T17:40:09","modified_gmt":"2023-05-27T17:40:09","slug":"cartouche-smok-morph-40-rpm-pod","status":"publish","type":"product","link":"https:\/\/normandie.ma\/?product=cartouche-smok-morph-40-rpm-pod","title":{"rendered":"Cartouche Smok Morph 40 rpm pod"},"content":{"rendered":"<p>Changer de saveurs de vape \u00e0 tout moment, c\u2019est possible avec les cartouches Morph 40 vendues chez good vapes \u00e0 Casablanca ! Compatible avec la cigarette \u00e9lectronique Morph 40 Pod de Smok, ces cartouches vides de 3,7 ml vous permettent d\u2019utiliser plusieurs e-liquides ou plusieurs r\u00e9sistances diff\u00e9rentes en m\u00eame temps. Pratiques, ces cartouches Morph 40 se remplissent par le haut.  Mati\u00e8re : plastique PCTG<br \/>\nConnectique : propri\u00e9taire<br \/>\nType de r\u00e9sistance : interchangeable<br \/>\nR\u00e9sistances compatibles : RPM RBA \u2013 Smok, RPM40 \u2013 Smok<br \/>\nTaille Drip Tip : propri\u00e9taire<br \/>\nCapacit\u00e9 : 3.7ml<br \/>\nRemplissage : par le haut<br \/>\nOption reconstructible : oui<br \/>\nOption clearomiseur : oui<br \/>\nCompatibilit\u00e9 Kit : Morph 40 \u2013 Smok<\/p>\n","protected":false},"excerpt":{"rendered":"<p>Changer de saveurs de vape \u00e0 tout moment, c\u2019est possible avec les cartouches Morph 40 vendues chez good vapes \u00e0 Casablanca ! Compatible avec la cigarette \u00e9lectronique Morph 40 Pod de Smok, ces cartouches vides de 3,7 ml vous permettent d\u2019utiliser plusieurs e-liquides ou plusieurs r\u00e9sistances diff\u00e9rentes en m\u00eame temps. Pratiques, ces cartouches Morph 40 [&hellip;]<\/p>\n","protected":false},"featured_media":30969,"comment_status":"open","ping_status":"closed","template":"","meta":{"om_disable_all_campaigns":false,"_monsterinsights_skip_tracking":false,"_monsterinsights_sitenote_active":false,"_monsterinsights_sitenote_note":"","_monsterinsights_sitenote_category":0},"product_brand":[],"product_cat":[209,227],"product_tag":[],"class_list":{"0":"post-31522","1":"product","2":"type-product","3":"status-publish","4":"has-post-thumbnail","6":"product_cat-cartouches","7":"product_cat-cart-pod","10":"first","11":"instock","12":"featured","13":"shipping-taxable","14":"purchasable","15":"product-type-simple"},"aioseo_notices":[],"jetpack_sharing_enabled":true,"_links":{"self":[{"href":"https:\/\/normandie.ma\/index.php?rest_route=\/wp\/v2\/product\/31522","targetHints":{"allow":["GET"]}}],"collection":[{"href":"https:\/\/normandie.ma\/index.php?rest_route=\/wp\/v2\/product"}],"about":[{"href":"https:\/\/normandie.ma\/index.php?rest_route=\/wp\/v2\/types\/product"}],"replies":[{"embeddable":true,"href":"https:\/\/normandie.ma\/index.php?rest_route=%2Fwp%2Fv2%2Fcomments&post=31522"}],"wp:featuredmedia":[{"embeddable":true,"href":"https:\/\/normandie.ma\/index.php?rest_route=\/wp\/v2\/media\/30969"}],"wp:attachment":[{"href":"https:\/\/normandie.ma\/index.php?rest_route=%2Fwp%2Fv2%2Fmedia&parent=31522"}],"wp:term":[{"taxonomy":"product_brand","embeddable":true,"href":"https:\/\/normandie.ma\/index.php?rest_route=%2Fwp%2Fv2%2Fproduct_brand&post=31522"},{"taxonomy":"product_cat","embeddable":true,"href":"https:\/\/normandie.ma\/index.php?rest_route=%2Fwp%2Fv2%2Fproduct_cat&post=31522"},{"taxonomy":"product_tag","embeddable":true,"href":"https:\/\/normandie.ma\/index.php?rest_route=%2Fwp%2Fv2%2Fproduct_tag&post=31522"}],"curies":[{"name":"wp","href":"https:\/\/api.w.org\/{rel}","templated":true}]}}