{"id":31537,"date":"2023-05-27T17:40:17","date_gmt":"2023-05-27T17:40:17","guid":{"rendered":"https:\/\/normandie.ma\/?product=cartouche-lostvape-ub-lite"},"modified":"2023-05-27T17:40:17","modified_gmt":"2023-05-27T17:40:17","slug":"cartouche-lostvape-ub-lite","status":"publish","type":"product","link":"https:\/\/normandie.ma\/?product=cartouche-lostvape-ub-lite","title":{"rendered":"Cartouche LostVape UB Lite"},"content":{"rendered":"<p>P\u00e9renne mais pas \u00e9ternelle, la cartouche de votre Pod UB Lite de Lost Vape pourrait un jour vous faire faux bond en cas de mauvaise manipulation. Loin de nous l\u2019id\u00e9e d\u2019insinuer que vous \u00eates maladroit, mais avouez que c\u2019est plut\u00f4t rassurant de savoir qu\u2019une cartouche UB Lite vous attend ici au chaud, sagement, pour un remplacement ou pour multiplier plus facilement les d\u00e9gustations ! Semblable en tous points \u00e0 la cartouche originelle de votre pod UB Lite de Lost Vape en plastique PCTG.  Un r\u00e9servoir de 2ml<br \/>\nUn syst\u00e8me de remplissage Side-to-Fill<br \/>\nUn embout \u00e0 bec plat ergonomique<\/p>\n","protected":false},"excerpt":{"rendered":"<p>P\u00e9renne mais pas \u00e9ternelle, la cartouche de votre Pod UB Lite de Lost Vape pourrait un jour vous faire faux bond en cas de mauvaise manipulation. Loin de nous l\u2019id\u00e9e d\u2019insinuer que vous \u00eates maladroit, mais avouez que c\u2019est plut\u00f4t rassurant de savoir qu\u2019une cartouche UB Lite vous attend ici au chaud, sagement, pour un [&hellip;]<\/p>\n","protected":false},"featured_media":31013,"comment_status":"open","ping_status":"closed","template":"","meta":{"om_disable_all_campaigns":false,"_monsterinsights_skip_tracking":false,"_monsterinsights_sitenote_active":false,"_monsterinsights_sitenote_note":"","_monsterinsights_sitenote_category":0},"product_brand":[],"product_cat":[209,227],"product_tag":[],"class_list":{"0":"post-31537","1":"product","2":"type-product","3":"status-publish","4":"has-post-thumbnail","6":"product_cat-cartouches","7":"product_cat-cart-pod","10":"first","11":"instock","12":"featured","13":"shipping-taxable","14":"purchasable","15":"product-type-simple"},"aioseo_notices":[],"jetpack_sharing_enabled":true,"_links":{"self":[{"href":"https:\/\/normandie.ma\/index.php?rest_route=\/wp\/v2\/product\/31537","targetHints":{"allow":["GET"]}}],"collection":[{"href":"https:\/\/normandie.ma\/index.php?rest_route=\/wp\/v2\/product"}],"about":[{"href":"https:\/\/normandie.ma\/index.php?rest_route=\/wp\/v2\/types\/product"}],"replies":[{"embeddable":true,"href":"https:\/\/normandie.ma\/index.php?rest_route=%2Fwp%2Fv2%2Fcomments&post=31537"}],"wp:featuredmedia":[{"embeddable":true,"href":"https:\/\/normandie.ma\/index.php?rest_route=\/wp\/v2\/media\/31013"}],"wp:attachment":[{"href":"https:\/\/normandie.ma\/index.php?rest_route=%2Fwp%2Fv2%2Fmedia&parent=31537"}],"wp:term":[{"taxonomy":"product_brand","embeddable":true,"href":"https:\/\/normandie.ma\/index.php?rest_route=%2Fwp%2Fv2%2Fproduct_brand&post=31537"},{"taxonomy":"product_cat","embeddable":true,"href":"https:\/\/normandie.ma\/index.php?rest_route=%2Fwp%2Fv2%2Fproduct_cat&post=31537"},{"taxonomy":"product_tag","embeddable":true,"href":"https:\/\/normandie.ma\/index.php?rest_route=%2Fwp%2Fv2%2Fproduct_tag&post=31537"}],"curies":[{"name":"wp","href":"https:\/\/api.w.org\/{rel}","templated":true}]}}