{"id":31539,"date":"2023-05-27T17:40:18","date_gmt":"2023-05-27T17:40:18","guid":{"rendered":"https:\/\/normandie.ma\/?product=cartouche-vide-smok-pozz-x-rpm-pod"},"modified":"2023-05-27T17:40:18","modified_gmt":"2023-05-27T17:40:18","slug":"cartouche-vide-smok-pozz-x-rpm-pod","status":"publish","type":"product","link":"https:\/\/normandie.ma\/?product=cartouche-vide-smok-pozz-x-rpm-pod","title":{"rendered":"Cartouche Vide Smok POZZ X rpm pod"},"content":{"rendered":"<p>Cette cartouche a \u00e9t\u00e9 con\u00e7ue exclusivement pour votre Pozz X par Smoktech. Elle dispose d\u2019un r\u00e9servoir de 4,5 ml, suffisant pour tenir une bonne journ\u00e9e sans avoir \u00e0 la remplir. Le remplissage de la cartouche Pozz X se fait tr\u00e8s simplement sur le c\u00f4t\u00e9 en d\u00e9clipsant le couvercle en caoutchouc. Contenance Pod : 4.5 ml<br \/>\nRemplissage : en haut<br \/>\nUsage : intuitif<br \/>\nCompatibilit\u00e9 : Pod Pozz de Smoktech<\/p>\n","protected":false},"excerpt":{"rendered":"<p>Cette cartouche a \u00e9t\u00e9 con\u00e7ue exclusivement pour votre Pozz X par Smoktech. Elle dispose d\u2019un r\u00e9servoir de 4,5 ml, suffisant pour tenir une bonne journ\u00e9e sans avoir \u00e0 la remplir. Le remplissage de la cartouche Pozz X se fait tr\u00e8s simplement sur le c\u00f4t\u00e9 en d\u00e9clipsant le couvercle en caoutchouc. Contenance Pod : 4.5 ml [&hellip;]<\/p>\n","protected":false},"featured_media":31015,"comment_status":"open","ping_status":"closed","template":"","meta":{"om_disable_all_campaigns":false,"_monsterinsights_skip_tracking":false,"_monsterinsights_sitenote_active":false,"_monsterinsights_sitenote_note":"","_monsterinsights_sitenote_category":0},"product_brand":[],"product_cat":[209,227],"product_tag":[],"class_list":{"0":"post-31539","1":"product","2":"type-product","3":"status-publish","4":"has-post-thumbnail","6":"product_cat-cartouches","7":"product_cat-cart-pod","10":"first","11":"instock","12":"featured","13":"shipping-taxable","14":"purchasable","15":"product-type-simple"},"aioseo_notices":[],"jetpack_sharing_enabled":true,"_links":{"self":[{"href":"https:\/\/normandie.ma\/index.php?rest_route=\/wp\/v2\/product\/31539","targetHints":{"allow":["GET"]}}],"collection":[{"href":"https:\/\/normandie.ma\/index.php?rest_route=\/wp\/v2\/product"}],"about":[{"href":"https:\/\/normandie.ma\/index.php?rest_route=\/wp\/v2\/types\/product"}],"replies":[{"embeddable":true,"href":"https:\/\/normandie.ma\/index.php?rest_route=%2Fwp%2Fv2%2Fcomments&post=31539"}],"wp:featuredmedia":[{"embeddable":true,"href":"https:\/\/normandie.ma\/index.php?rest_route=\/wp\/v2\/media\/31015"}],"wp:attachment":[{"href":"https:\/\/normandie.ma\/index.php?rest_route=%2Fwp%2Fv2%2Fmedia&parent=31539"}],"wp:term":[{"taxonomy":"product_brand","embeddable":true,"href":"https:\/\/normandie.ma\/index.php?rest_route=%2Fwp%2Fv2%2Fproduct_brand&post=31539"},{"taxonomy":"product_cat","embeddable":true,"href":"https:\/\/normandie.ma\/index.php?rest_route=%2Fwp%2Fv2%2Fproduct_cat&post=31539"},{"taxonomy":"product_tag","embeddable":true,"href":"https:\/\/normandie.ma\/index.php?rest_route=%2Fwp%2Fv2%2Fproduct_tag&post=31539"}],"curies":[{"name":"wp","href":"https:\/\/api.w.org\/{rel}","templated":true}]}}