{"id":31679,"date":"2023-05-27T23:18:44","date_gmt":"2023-05-27T23:18:44","guid":{"rendered":"https:\/\/normandie.ma\/?product=aurora-salts-cerise-banane-poire-30ml-3"},"modified":"2023-06-06T00:11:07","modified_gmt":"2023-06-06T00:11:07","slug":"aurora-salts-cerise-banane-poire-30ml-3","status":"publish","type":"product","link":"https:\/\/normandie.ma\/?product=aurora-salts-cerise-banane-poire-30ml-3","title":{"rendered":"Aurora Salts \u2013 Cerise Banane Poire \u2013 30ml"},"content":{"rendered":"<p>Savourez cet e-liquide Salt de la marque Aurora Salts, un m\u00e9lange exquis compos\u00e9 de banane cr\u00e9meuse et parfaitement m\u00fbre et de cerise pulpeuse et de poire juteuse, impossible \u00e0 reproduire. Prenez une bouteille et faites l\u2019exp\u00e9rience d\u2019un mariage r\u00eaveur et parfaitement \u00e9quilibr\u00e9 de saveurs fruit\u00e9es s\u00e9duisantes.<\/p>\n","protected":false},"excerpt":{"rendered":"<p>Savourez cet e-liquide Salt de la marque Aurora Salts, un m\u00e9lange exquis compos\u00e9 de banane cr\u00e9meuse et parfaitement m\u00fbre et de cerise pulpeuse et de poire juteuse, impossible \u00e0 reproduire. Prenez une bouteille et faites l\u2019exp\u00e9rience d\u2019un mariage r\u00eaveur et parfaitement \u00e9quilibr\u00e9 de saveurs fruit\u00e9es s\u00e9duisantes.<\/p>\n","protected":false},"featured_media":30838,"comment_status":"open","ping_status":"closed","template":"","meta":{"om_disable_all_campaigns":false,"_monsterinsights_skip_tracking":false,"_monsterinsights_sitenote_active":false,"_monsterinsights_sitenote_note":"","_monsterinsights_sitenote_category":0},"product_brand":[],"product_cat":[402,398,208],"product_tag":[],"class_list":{"0":"post-31679","1":"product","2":"type-product","3":"status-publish","4":"has-post-thumbnail","6":"product_cat-25mg","7":"product_cat-filtre-par-dosage-de-nicotine-salt","8":"product_cat-salt","11":"first","12":"instock","13":"featured","14":"shipping-taxable","15":"purchasable","16":"product-type-variable"},"aioseo_notices":[],"jetpack_sharing_enabled":true,"_links":{"self":[{"href":"https:\/\/normandie.ma\/index.php?rest_route=\/wp\/v2\/product\/31679","targetHints":{"allow":["GET"]}}],"collection":[{"href":"https:\/\/normandie.ma\/index.php?rest_route=\/wp\/v2\/product"}],"about":[{"href":"https:\/\/normandie.ma\/index.php?rest_route=\/wp\/v2\/types\/product"}],"replies":[{"embeddable":true,"href":"https:\/\/normandie.ma\/index.php?rest_route=%2Fwp%2Fv2%2Fcomments&post=31679"}],"wp:featuredmedia":[{"embeddable":true,"href":"https:\/\/normandie.ma\/index.php?rest_route=\/wp\/v2\/media\/30838"}],"wp:attachment":[{"href":"https:\/\/normandie.ma\/index.php?rest_route=%2Fwp%2Fv2%2Fmedia&parent=31679"}],"wp:term":[{"taxonomy":"product_brand","embeddable":true,"href":"https:\/\/normandie.ma\/index.php?rest_route=%2Fwp%2Fv2%2Fproduct_brand&post=31679"},{"taxonomy":"product_cat","embeddable":true,"href":"https:\/\/normandie.ma\/index.php?rest_route=%2Fwp%2Fv2%2Fproduct_cat&post=31679"},{"taxonomy":"product_tag","embeddable":true,"href":"https:\/\/normandie.ma\/index.php?rest_route=%2Fwp%2Fv2%2Fproduct_tag&post=31679"}],"curies":[{"name":"wp","href":"https:\/\/api.w.org\/{rel}","templated":true}]}}