{"id":31688,"date":"2023-05-27T23:18:48","date_gmt":"2023-05-27T23:18:48","guid":{"rendered":"https:\/\/normandie.ma\/?product=chill-salts-tropical-fruite-30ml-3"},"modified":"2023-05-27T23:18:48","modified_gmt":"2023-05-27T23:18:48","slug":"chill-salts-tropical-fruite-30ml-3","status":"publish","type":"product","link":"https:\/\/normandie.ma\/?product=chill-salts-tropical-fruite-30ml-3","title":{"rendered":"Chill Salts \u2013 Tropical- Fruit\u00e9 30ml"},"content":{"rendered":"<p>Bien plus qu\u2019un simple fruit\u00e9, l\u2019e-liquide Salt Tropical de la marque Chill Salts vous offrira une exp\u00e9rience de vape sans pareille! Sa bouteille de 30ml renferme un go\u00fbt acidul\u00e9 et sucr\u00e9 \u00e0 la fois tout en laissant peu \u00e0 peu place \u00e0 un agrume puissant. C\u2019est un excellent m\u00e9lange de fruits, avec une dominante de citronnelle et de cl\u00e9mentine. Vous devez absolument l\u2019essayer avec l\u2019une de nos cigarettes \u00e9lectroniques de la marque Good Vapes Casablanca.<\/p>\n","protected":false},"excerpt":{"rendered":"<p>Bien plus qu\u2019un simple fruit\u00e9, l\u2019e-liquide Salt Tropical de la marque Chill Salts vous offrira une exp\u00e9rience de vape sans pareille! Sa bouteille de 30ml renferme un go\u00fbt acidul\u00e9 et sucr\u00e9 \u00e0 la fois tout en laissant peu \u00e0 peu place \u00e0 un agrume puissant. C\u2019est un excellent m\u00e9lange de fruits, avec une dominante de [&hellip;]<\/p>\n","protected":false},"featured_media":30844,"comment_status":"open","ping_status":"closed","template":"","meta":{"om_disable_all_campaigns":false,"_monsterinsights_skip_tracking":false,"_monsterinsights_sitenote_active":false,"_monsterinsights_sitenote_note":"","_monsterinsights_sitenote_category":0},"product_brand":[],"product_cat":[402,398,208],"product_tag":[],"class_list":{"0":"post-31688","1":"product","2":"type-product","3":"status-publish","4":"has-post-thumbnail","6":"product_cat-25mg","7":"product_cat-filtre-par-dosage-de-nicotine-salt","8":"product_cat-salt","11":"first","12":"instock","13":"featured","14":"shipping-taxable","15":"purchasable","16":"product-type-simple"},"aioseo_notices":[],"jetpack_sharing_enabled":true,"_links":{"self":[{"href":"https:\/\/normandie.ma\/index.php?rest_route=\/wp\/v2\/product\/31688","targetHints":{"allow":["GET"]}}],"collection":[{"href":"https:\/\/normandie.ma\/index.php?rest_route=\/wp\/v2\/product"}],"about":[{"href":"https:\/\/normandie.ma\/index.php?rest_route=\/wp\/v2\/types\/product"}],"replies":[{"embeddable":true,"href":"https:\/\/normandie.ma\/index.php?rest_route=%2Fwp%2Fv2%2Fcomments&post=31688"}],"wp:featuredmedia":[{"embeddable":true,"href":"https:\/\/normandie.ma\/index.php?rest_route=\/wp\/v2\/media\/30844"}],"wp:attachment":[{"href":"https:\/\/normandie.ma\/index.php?rest_route=%2Fwp%2Fv2%2Fmedia&parent=31688"}],"wp:term":[{"taxonomy":"product_brand","embeddable":true,"href":"https:\/\/normandie.ma\/index.php?rest_route=%2Fwp%2Fv2%2Fproduct_brand&post=31688"},{"taxonomy":"product_cat","embeddable":true,"href":"https:\/\/normandie.ma\/index.php?rest_route=%2Fwp%2Fv2%2Fproduct_cat&post=31688"},{"taxonomy":"product_tag","embeddable":true,"href":"https:\/\/normandie.ma\/index.php?rest_route=%2Fwp%2Fv2%2Fproduct_tag&post=31688"}],"curies":[{"name":"wp","href":"https:\/\/api.w.org\/{rel}","templated":true}]}}