{"id":31699,"date":"2023-05-27T23:18:52","date_gmt":"2023-05-27T23:18:52","guid":{"rendered":"https:\/\/normandie.ma\/?product=good-vapes-salts-straw-melon-30ml-5"},"modified":"2023-06-05T23:55:59","modified_gmt":"2023-06-05T23:55:59","slug":"good-vapes-salts-straw-melon-30ml-5","status":"publish","type":"product","link":"https:\/\/normandie.ma\/?product=good-vapes-salts-straw-melon-30ml-5","title":{"rendered":"Good Vapes Salts \u2013 Straw\u2019 Melon \u2013 30ml"},"content":{"rendered":"<p>Straw\u2019Melon est un e-liquide Salt de la marque Good Vapes Salts qui fait l\u2019association harmonieuse entre la past\u00e8que et la fraise. Un duo de fruits \u00e0 la fois juteux et frais pour une vapeur l\u00e9g\u00e8re et tr\u00e8s agr\u00e9able \u00e0 savourer \u00e0 longueur de journ\u00e9e!<\/p>\n","protected":false},"excerpt":{"rendered":"<p>Straw\u2019Melon est un e-liquide Salt de la marque Good Vapes Salts qui fait l\u2019association harmonieuse entre la past\u00e8que et la fraise. Un duo de fruits \u00e0 la fois juteux et frais pour une vapeur l\u00e9g\u00e8re et tr\u00e8s agr\u00e9able \u00e0 savourer \u00e0 longueur de journ\u00e9e!<\/p>\n","protected":false},"featured_media":30850,"comment_status":"open","ping_status":"closed","template":"","meta":{"om_disable_all_campaigns":false,"_monsterinsights_skip_tracking":false,"_monsterinsights_sitenote_active":false,"_monsterinsights_sitenote_note":"","_monsterinsights_sitenote_category":0},"product_brand":[],"product_cat":[402,398,208],"product_tag":[],"class_list":{"0":"post-31699","1":"product","2":"type-product","3":"status-publish","4":"has-post-thumbnail","6":"product_cat-25mg","7":"product_cat-filtre-par-dosage-de-nicotine-salt","8":"product_cat-salt","11":"first","12":"instock","13":"featured","14":"shipping-taxable","15":"purchasable","16":"product-type-variable"},"aioseo_notices":[],"jetpack_sharing_enabled":true,"_links":{"self":[{"href":"https:\/\/normandie.ma\/index.php?rest_route=\/wp\/v2\/product\/31699","targetHints":{"allow":["GET"]}}],"collection":[{"href":"https:\/\/normandie.ma\/index.php?rest_route=\/wp\/v2\/product"}],"about":[{"href":"https:\/\/normandie.ma\/index.php?rest_route=\/wp\/v2\/types\/product"}],"replies":[{"embeddable":true,"href":"https:\/\/normandie.ma\/index.php?rest_route=%2Fwp%2Fv2%2Fcomments&post=31699"}],"wp:featuredmedia":[{"embeddable":true,"href":"https:\/\/normandie.ma\/index.php?rest_route=\/wp\/v2\/media\/30850"}],"wp:attachment":[{"href":"https:\/\/normandie.ma\/index.php?rest_route=%2Fwp%2Fv2%2Fmedia&parent=31699"}],"wp:term":[{"taxonomy":"product_brand","embeddable":true,"href":"https:\/\/normandie.ma\/index.php?rest_route=%2Fwp%2Fv2%2Fproduct_brand&post=31699"},{"taxonomy":"product_cat","embeddable":true,"href":"https:\/\/normandie.ma\/index.php?rest_route=%2Fwp%2Fv2%2Fproduct_cat&post=31699"},{"taxonomy":"product_tag","embeddable":true,"href":"https:\/\/normandie.ma\/index.php?rest_route=%2Fwp%2Fv2%2Fproduct_tag&post=31699"}],"curies":[{"name":"wp","href":"https:\/\/api.w.org\/{rel}","templated":true}]}}