{"id":31723,"date":"2023-05-27T23:19:14","date_gmt":"2023-05-27T23:19:14","guid":{"rendered":"https:\/\/normandie.ma\/?product=milkshake-squad-salts-lime-vanilla-shake-30ml-4"},"modified":"2023-06-04T02:17:30","modified_gmt":"2023-06-04T02:17:30","slug":"milkshake-squad-salts-lime-vanilla-shake-30ml-4","status":"publish","type":"product","link":"https:\/\/normandie.ma\/?product=milkshake-squad-salts-lime-vanilla-shake-30ml-4","title":{"rendered":"Milkshake Squad Salts \u2013 Lime Vanilla Shake 30ml"},"content":{"rendered":"<p>Savourez l\u2019e-liquide Salt Lime Vanilla Shake 30ml de la marque Milkshake Squad Salts, un m\u00e9lange cr\u00e9meux de limes douces et de vanille fra\u00eeche dans un milkshake onctueux.<\/p>\n","protected":false},"excerpt":{"rendered":"<p>Savourez l\u2019e-liquide Salt Lime Vanilla Shake 30ml de la marque Milkshake Squad Salts, un m\u00e9lange cr\u00e9meux de limes douces et de vanille fra\u00eeche dans un milkshake onctueux.<\/p>\n","protected":false},"featured_media":30872,"comment_status":"open","ping_status":"closed","template":"","meta":{"om_disable_all_campaigns":false,"_monsterinsights_skip_tracking":false,"_monsterinsights_sitenote_active":false,"_monsterinsights_sitenote_note":"","_monsterinsights_sitenote_category":0},"product_brand":[],"product_cat":[402,398,208],"product_tag":[],"class_list":{"0":"post-31723","1":"product","2":"type-product","3":"status-publish","4":"has-post-thumbnail","6":"product_cat-25mg","7":"product_cat-filtre-par-dosage-de-nicotine-salt","8":"product_cat-salt","11":"first","12":"instock","13":"featured","14":"shipping-taxable","15":"purchasable","16":"product-type-variable"},"aioseo_notices":[],"jetpack_sharing_enabled":true,"_links":{"self":[{"href":"https:\/\/normandie.ma\/index.php?rest_route=\/wp\/v2\/product\/31723","targetHints":{"allow":["GET"]}}],"collection":[{"href":"https:\/\/normandie.ma\/index.php?rest_route=\/wp\/v2\/product"}],"about":[{"href":"https:\/\/normandie.ma\/index.php?rest_route=\/wp\/v2\/types\/product"}],"replies":[{"embeddable":true,"href":"https:\/\/normandie.ma\/index.php?rest_route=%2Fwp%2Fv2%2Fcomments&post=31723"}],"wp:featuredmedia":[{"embeddable":true,"href":"https:\/\/normandie.ma\/index.php?rest_route=\/wp\/v2\/media\/30872"}],"wp:attachment":[{"href":"https:\/\/normandie.ma\/index.php?rest_route=%2Fwp%2Fv2%2Fmedia&parent=31723"}],"wp:term":[{"taxonomy":"product_brand","embeddable":true,"href":"https:\/\/normandie.ma\/index.php?rest_route=%2Fwp%2Fv2%2Fproduct_brand&post=31723"},{"taxonomy":"product_cat","embeddable":true,"href":"https:\/\/normandie.ma\/index.php?rest_route=%2Fwp%2Fv2%2Fproduct_cat&post=31723"},{"taxonomy":"product_tag","embeddable":true,"href":"https:\/\/normandie.ma\/index.php?rest_route=%2Fwp%2Fv2%2Fproduct_tag&post=31723"}],"curies":[{"name":"wp","href":"https:\/\/api.w.org\/{rel}","templated":true}]}}