{"id":31779,"date":"2023-05-27T23:20:01","date_gmt":"2023-05-27T23:20:01","guid":{"rendered":"https:\/\/normandie.ma\/?product=creamy-salts-sweet-tobacco-30ml-5"},"modified":"2023-06-03T23:18:34","modified_gmt":"2023-06-03T23:18:34","slug":"creamy-salts-sweet-tobacco-30ml-5","status":"publish","type":"product","link":"https:\/\/normandie.ma\/?product=creamy-salts-sweet-tobacco-30ml-5","title":{"rendered":"Creamy Salts \u2013 Sweet Tobacco- 30ml"},"content":{"rendered":"<p>Le Sweet Tobacco de la marque Creamy Salts est un m\u00e9lange de tabac qui a l\u00e9g\u00e8rement vieilli de qualit\u00e9 sup\u00e9rieure, pour une vape unique en son genre. Vous devez absolument l\u2019essayer avec l\u2019une de nos cigarettes \u00e9lectroniques de Good Vapes Casablanca.<\/p>\n","protected":false},"excerpt":{"rendered":"<p>Le Sweet Tobacco de la marque Creamy Salts est un m\u00e9lange de tabac qui a l\u00e9g\u00e8rement vieilli de qualit\u00e9 sup\u00e9rieure, pour une vape unique en son genre. Vous devez absolument l\u2019essayer avec l\u2019une de nos cigarettes \u00e9lectroniques de Good Vapes Casablanca.<\/p>\n","protected":false},"featured_media":30927,"comment_status":"open","ping_status":"closed","template":"","meta":{"om_disable_all_campaigns":false,"_monsterinsights_skip_tracking":false,"_monsterinsights_sitenote_active":false,"_monsterinsights_sitenote_note":"","_monsterinsights_sitenote_category":0},"product_brand":[],"product_cat":[404,398,208],"product_tag":[],"class_list":{"0":"post-31779","1":"product","2":"type-product","3":"status-publish","4":"has-post-thumbnail","6":"product_cat-50mg","7":"product_cat-filtre-par-dosage-de-nicotine-salt","8":"product_cat-salt","11":"first","12":"instock","13":"featured","14":"shipping-taxable","15":"purchasable","16":"product-type-variable"},"aioseo_notices":[],"jetpack_sharing_enabled":true,"_links":{"self":[{"href":"https:\/\/normandie.ma\/index.php?rest_route=\/wp\/v2\/product\/31779","targetHints":{"allow":["GET"]}}],"collection":[{"href":"https:\/\/normandie.ma\/index.php?rest_route=\/wp\/v2\/product"}],"about":[{"href":"https:\/\/normandie.ma\/index.php?rest_route=\/wp\/v2\/types\/product"}],"replies":[{"embeddable":true,"href":"https:\/\/normandie.ma\/index.php?rest_route=%2Fwp%2Fv2%2Fcomments&post=31779"}],"wp:featuredmedia":[{"embeddable":true,"href":"https:\/\/normandie.ma\/index.php?rest_route=\/wp\/v2\/media\/30927"}],"wp:attachment":[{"href":"https:\/\/normandie.ma\/index.php?rest_route=%2Fwp%2Fv2%2Fmedia&parent=31779"}],"wp:term":[{"taxonomy":"product_brand","embeddable":true,"href":"https:\/\/normandie.ma\/index.php?rest_route=%2Fwp%2Fv2%2Fproduct_brand&post=31779"},{"taxonomy":"product_cat","embeddable":true,"href":"https:\/\/normandie.ma\/index.php?rest_route=%2Fwp%2Fv2%2Fproduct_cat&post=31779"},{"taxonomy":"product_tag","embeddable":true,"href":"https:\/\/normandie.ma\/index.php?rest_route=%2Fwp%2Fv2%2Fproduct_tag&post=31779"}],"curies":[{"name":"wp","href":"https:\/\/api.w.org\/{rel}","templated":true}]}}