{"id":31801,"date":"2023-05-27T23:20:23","date_gmt":"2023-05-27T23:20:23","guid":{"rendered":"https:\/\/normandie.ma\/?product=juice-head-peach-pear-salt-30ml-6"},"modified":"2023-06-03T22:08:33","modified_gmt":"2023-06-03T22:08:33","slug":"juice-head-peach-pear-salt-30ml-6","status":"publish","type":"product","link":"https:\/\/normandie.ma\/?product=juice-head-peach-pear-salt-30ml-6","title":{"rendered":"Juice Head \u2013 Peach Pear SALT 30ML"},"content":{"rendered":"<p>L\u2019 e-liquide Salt Peach Pear de Juice Head est un m\u00e9lange harmonieux de jus de fruits, avec des notes de poires croquantes et de p\u00eaches juteuses et succulentes, pour former une vape classique pour toute la journ\u00e9e qui s\u2019adaptera \u00e0 n\u2019importe quelle rotation.<\/p>\n","protected":false},"excerpt":{"rendered":"<p>L\u2019 e-liquide Salt Peach Pear de Juice Head est un m\u00e9lange harmonieux de jus de fruits, avec des notes de poires croquantes et de p\u00eaches juteuses et succulentes, pour former une vape classique pour toute la journ\u00e9e qui s\u2019adaptera \u00e0 n\u2019importe quelle rotation.<\/p>\n","protected":false},"featured_media":30949,"comment_status":"open","ping_status":"closed","template":"","meta":{"om_disable_all_campaigns":false,"_monsterinsights_skip_tracking":false,"_monsterinsights_sitenote_active":false,"_monsterinsights_sitenote_note":"","_monsterinsights_sitenote_category":0},"product_brand":[],"product_cat":[404,398,208],"product_tag":[],"class_list":{"0":"post-31801","1":"product","2":"type-product","3":"status-publish","4":"has-post-thumbnail","6":"product_cat-50mg","7":"product_cat-filtre-par-dosage-de-nicotine-salt","8":"product_cat-salt","11":"first","12":"instock","13":"featured","14":"shipping-taxable","15":"purchasable","16":"product-type-variable"},"aioseo_notices":[],"jetpack_sharing_enabled":true,"_links":{"self":[{"href":"https:\/\/normandie.ma\/index.php?rest_route=\/wp\/v2\/product\/31801","targetHints":{"allow":["GET"]}}],"collection":[{"href":"https:\/\/normandie.ma\/index.php?rest_route=\/wp\/v2\/product"}],"about":[{"href":"https:\/\/normandie.ma\/index.php?rest_route=\/wp\/v2\/types\/product"}],"replies":[{"embeddable":true,"href":"https:\/\/normandie.ma\/index.php?rest_route=%2Fwp%2Fv2%2Fcomments&post=31801"}],"wp:featuredmedia":[{"embeddable":true,"href":"https:\/\/normandie.ma\/index.php?rest_route=\/wp\/v2\/media\/30949"}],"wp:attachment":[{"href":"https:\/\/normandie.ma\/index.php?rest_route=%2Fwp%2Fv2%2Fmedia&parent=31801"}],"wp:term":[{"taxonomy":"product_brand","embeddable":true,"href":"https:\/\/normandie.ma\/index.php?rest_route=%2Fwp%2Fv2%2Fproduct_brand&post=31801"},{"taxonomy":"product_cat","embeddable":true,"href":"https:\/\/normandie.ma\/index.php?rest_route=%2Fwp%2Fv2%2Fproduct_cat&post=31801"},{"taxonomy":"product_tag","embeddable":true,"href":"https:\/\/normandie.ma\/index.php?rest_route=%2Fwp%2Fv2%2Fproduct_tag&post=31801"}],"curies":[{"name":"wp","href":"https:\/\/api.w.org\/{rel}","templated":true}]}}