{"id":31803,"date":"2023-05-27T23:20:24","date_gmt":"2023-05-27T23:20:24","guid":{"rendered":"https:\/\/normandie.ma\/?product=euphoria-ice-salts-purple-grape-30ml-11"},"modified":"2023-06-03T22:07:41","modified_gmt":"2023-06-03T22:07:41","slug":"euphoria-ice-salts-purple-grape-30ml-11","status":"publish","type":"product","link":"https:\/\/normandie.ma\/?product=euphoria-ice-salts-purple-grape-30ml-11","title":{"rendered":"Euphoria Ice Salts \u2013 Purple Grape- 30ml"},"content":{"rendered":"<p>Purple Grape de la marque Euphoria Ice Salts est compos\u00e9 d\u2019un d\u00e9licieux go\u00fbt de jus de raisins noirs frais, plein de douceur et de l\u00e9g\u00e8ret\u00e9. Cet incontournable fruit\u00e9 qui d\u00e9tr\u00f4ne toutes les vielles saveurs d\u2019antan, deviendra rapidement votre saveur phare de la vape fruit\u00e9e.<\/p>\n","protected":false},"excerpt":{"rendered":"<p>Purple Grape de la marque Euphoria Ice Salts est compos\u00e9 d\u2019un d\u00e9licieux go\u00fbt de jus de raisins noirs frais, plein de douceur et de l\u00e9g\u00e8ret\u00e9. Cet incontournable fruit\u00e9 qui d\u00e9tr\u00f4ne toutes les vielles saveurs d\u2019antan, deviendra rapidement votre saveur phare de la vape fruit\u00e9e.<\/p>\n","protected":false},"featured_media":30951,"comment_status":"open","ping_status":"closed","template":"","meta":{"om_disable_all_campaigns":false,"_monsterinsights_skip_tracking":false,"_monsterinsights_sitenote_active":false,"_monsterinsights_sitenote_note":"","_monsterinsights_sitenote_category":0},"product_brand":[],"product_cat":[405,406,208],"product_tag":[],"class_list":{"0":"post-31803","1":"product","2":"type-product","3":"status-publish","4":"has-post-thumbnail","6":"product_cat-filtre-par-gout-salt","7":"product_cat-fruite-filtre-par-gout-salt","8":"product_cat-salt","11":"first","12":"instock","13":"featured","14":"shipping-taxable","15":"purchasable","16":"product-type-variable"},"aioseo_notices":[],"jetpack_sharing_enabled":true,"_links":{"self":[{"href":"https:\/\/normandie.ma\/index.php?rest_route=\/wp\/v2\/product\/31803","targetHints":{"allow":["GET"]}}],"collection":[{"href":"https:\/\/normandie.ma\/index.php?rest_route=\/wp\/v2\/product"}],"about":[{"href":"https:\/\/normandie.ma\/index.php?rest_route=\/wp\/v2\/types\/product"}],"replies":[{"embeddable":true,"href":"https:\/\/normandie.ma\/index.php?rest_route=%2Fwp%2Fv2%2Fcomments&post=31803"}],"wp:featuredmedia":[{"embeddable":true,"href":"https:\/\/normandie.ma\/index.php?rest_route=\/wp\/v2\/media\/30951"}],"wp:attachment":[{"href":"https:\/\/normandie.ma\/index.php?rest_route=%2Fwp%2Fv2%2Fmedia&parent=31803"}],"wp:term":[{"taxonomy":"product_brand","embeddable":true,"href":"https:\/\/normandie.ma\/index.php?rest_route=%2Fwp%2Fv2%2Fproduct_brand&post=31803"},{"taxonomy":"product_cat","embeddable":true,"href":"https:\/\/normandie.ma\/index.php?rest_route=%2Fwp%2Fv2%2Fproduct_cat&post=31803"},{"taxonomy":"product_tag","embeddable":true,"href":"https:\/\/normandie.ma\/index.php?rest_route=%2Fwp%2Fv2%2Fproduct_tag&post=31803"}],"curies":[{"name":"wp","href":"https:\/\/api.w.org\/{rel}","templated":true}]}}