{"id":31809,"date":"2023-05-27T23:20:26","date_gmt":"2023-05-27T23:20:26","guid":{"rendered":"https:\/\/normandie.ma\/?product=euphoria-ice-salts-blue-mango-30ml-7"},"modified":"2023-06-03T22:02:27","modified_gmt":"2023-06-03T22:02:27","slug":"euphoria-ice-salts-blue-mango-30ml-7","status":"publish","type":"product","link":"https:\/\/normandie.ma\/?product=euphoria-ice-salts-blue-mango-30ml-7","title":{"rendered":"Euphoria Ice Salts \u2013 Blue Mango \u2013 30ml"},"content":{"rendered":"<p>D\u00e9couvrez le nouveau e-liquide Salt Blue Mango de Euphoria Salts au parfum sucr\u00e9 et gorg\u00e9 de soleil. Son ar\u00f4me fruit\u00e9 vous surprendra par son intensit\u00e9. Bien meilleur qu\u2019un simple go\u00fbt de mangue et de cassis, il est intens\u00e9ment exotique et g\u00e9n\u00e9reux en ar\u00f4me ce qui ne vous laissera s\u00fbrement pas indiff\u00e9rent. Osez d\u00e8s maintenant le nouveau Salt Blue Mango au parfum 100% tropical qui vous transportera dans un voyage sensoriel inoubliable!<\/p>\n","protected":false},"excerpt":{"rendered":"<p>D\u00e9couvrez le nouveau e-liquide Salt Blue Mango de Euphoria Salts au parfum sucr\u00e9 et gorg\u00e9 de soleil. Son ar\u00f4me fruit\u00e9 vous surprendra par son intensit\u00e9. Bien meilleur qu\u2019un simple go\u00fbt de mangue et de cassis, il est intens\u00e9ment exotique et g\u00e9n\u00e9reux en ar\u00f4me ce qui ne vous laissera s\u00fbrement pas indiff\u00e9rent. Osez d\u00e8s maintenant le [&hellip;]<\/p>\n","protected":false},"featured_media":30957,"comment_status":"open","ping_status":"closed","template":"","meta":{"om_disable_all_campaigns":false,"_monsterinsights_skip_tracking":false,"_monsterinsights_sitenote_active":false,"_monsterinsights_sitenote_note":"","_monsterinsights_sitenote_category":0},"product_brand":[],"product_cat":[405,406,208],"product_tag":[],"class_list":{"0":"post-31809","1":"product","2":"type-product","3":"status-publish","4":"has-post-thumbnail","6":"product_cat-filtre-par-gout-salt","7":"product_cat-fruite-filtre-par-gout-salt","8":"product_cat-salt","11":"first","12":"instock","13":"featured","14":"shipping-taxable","15":"purchasable","16":"product-type-variable"},"aioseo_notices":[],"jetpack_sharing_enabled":true,"_links":{"self":[{"href":"https:\/\/normandie.ma\/index.php?rest_route=\/wp\/v2\/product\/31809","targetHints":{"allow":["GET"]}}],"collection":[{"href":"https:\/\/normandie.ma\/index.php?rest_route=\/wp\/v2\/product"}],"about":[{"href":"https:\/\/normandie.ma\/index.php?rest_route=\/wp\/v2\/types\/product"}],"replies":[{"embeddable":true,"href":"https:\/\/normandie.ma\/index.php?rest_route=%2Fwp%2Fv2%2Fcomments&post=31809"}],"wp:featuredmedia":[{"embeddable":true,"href":"https:\/\/normandie.ma\/index.php?rest_route=\/wp\/v2\/media\/30957"}],"wp:attachment":[{"href":"https:\/\/normandie.ma\/index.php?rest_route=%2Fwp%2Fv2%2Fmedia&parent=31809"}],"wp:term":[{"taxonomy":"product_brand","embeddable":true,"href":"https:\/\/normandie.ma\/index.php?rest_route=%2Fwp%2Fv2%2Fproduct_brand&post=31809"},{"taxonomy":"product_cat","embeddable":true,"href":"https:\/\/normandie.ma\/index.php?rest_route=%2Fwp%2Fv2%2Fproduct_cat&post=31809"},{"taxonomy":"product_tag","embeddable":true,"href":"https:\/\/normandie.ma\/index.php?rest_route=%2Fwp%2Fv2%2Fproduct_tag&post=31809"}],"curies":[{"name":"wp","href":"https:\/\/api.w.org\/{rel}","templated":true}]}}