{"id":31832,"date":"2023-05-27T23:20:37","date_gmt":"2023-05-27T23:20:37","guid":{"rendered":"https:\/\/normandie.ma\/?product=cartouche-smok-ipx80-empty-rpm-pod-2"},"modified":"2023-05-27T23:20:37","modified_gmt":"2023-05-27T23:20:37","slug":"cartouche-smok-ipx80-empty-rpm-pod-2","status":"publish","type":"product","link":"https:\/\/normandie.ma\/?product=cartouche-smok-ipx80-empty-rpm-pod-2","title":{"rendered":"Cartouche Smok IPX80 Empty\/ RPM Pod"},"content":{"rendered":"<p>Le pod SMOK IPX 80 est un pod vide sans r\u00e9sistance. Il est livr\u00e9 avec une capacit\u00e9 de jus de 2ml et une fen\u00eatre de jus transparente qui permet de conna\u00eetre la consommation et la quantit\u00e9 restante de l\u2019e-liquide et de dire adieu \u00e0 la chaleur s\u00e8che et \u00e0 l\u2019\u00e9quilibre insuffisant innocent. Avec son embout en bec de canard, le SMOK IPX 80 Empty Pod vous apportera une saveur dense. Achetez-le maintenant !  Contenance : 5,5 ml<br \/>\nRemplissage : lat\u00e9ral<br \/>\nFen\u00eatre transparente pour le liquide<br \/>\nEmbout en bec de canard<br \/>\nInstallation de la r\u00e9sistance par pression<\/p>\n","protected":false},"excerpt":{"rendered":"<p>Le pod SMOK IPX 80 est un pod vide sans r\u00e9sistance. Il est livr\u00e9 avec une capacit\u00e9 de jus de 2ml et une fen\u00eatre de jus transparente qui permet de conna\u00eetre la consommation et la quantit\u00e9 restante de l\u2019e-liquide et de dire adieu \u00e0 la chaleur s\u00e8che et \u00e0 l\u2019\u00e9quilibre insuffisant innocent. Avec son embout [&hellip;]<\/p>\n","protected":false},"featured_media":31006,"comment_status":"open","ping_status":"closed","template":"","meta":{"om_disable_all_campaigns":false,"_monsterinsights_skip_tracking":false,"_monsterinsights_sitenote_active":false,"_monsterinsights_sitenote_note":"","_monsterinsights_sitenote_category":0},"product_brand":[],"product_cat":[209,227],"product_tag":[],"class_list":{"0":"post-31832","1":"product","2":"type-product","3":"status-publish","4":"has-post-thumbnail","6":"product_cat-cartouches","7":"product_cat-cart-pod","10":"first","11":"instock","12":"featured","13":"shipping-taxable","14":"purchasable","15":"product-type-simple"},"aioseo_notices":[],"jetpack_sharing_enabled":true,"_links":{"self":[{"href":"https:\/\/normandie.ma\/index.php?rest_route=\/wp\/v2\/product\/31832","targetHints":{"allow":["GET"]}}],"collection":[{"href":"https:\/\/normandie.ma\/index.php?rest_route=\/wp\/v2\/product"}],"about":[{"href":"https:\/\/normandie.ma\/index.php?rest_route=\/wp\/v2\/types\/product"}],"replies":[{"embeddable":true,"href":"https:\/\/normandie.ma\/index.php?rest_route=%2Fwp%2Fv2%2Fcomments&post=31832"}],"wp:featuredmedia":[{"embeddable":true,"href":"https:\/\/normandie.ma\/index.php?rest_route=\/wp\/v2\/media\/31006"}],"wp:attachment":[{"href":"https:\/\/normandie.ma\/index.php?rest_route=%2Fwp%2Fv2%2Fmedia&parent=31832"}],"wp:term":[{"taxonomy":"product_brand","embeddable":true,"href":"https:\/\/normandie.ma\/index.php?rest_route=%2Fwp%2Fv2%2Fproduct_brand&post=31832"},{"taxonomy":"product_cat","embeddable":true,"href":"https:\/\/normandie.ma\/index.php?rest_route=%2Fwp%2Fv2%2Fproduct_cat&post=31832"},{"taxonomy":"product_tag","embeddable":true,"href":"https:\/\/normandie.ma\/index.php?rest_route=%2Fwp%2Fv2%2Fproduct_tag&post=31832"}],"curies":[{"name":"wp","href":"https:\/\/api.w.org\/{rel}","templated":true}]}}