{"id":31841,"date":"2023-05-27T23:20:40","date_gmt":"2023-05-27T23:20:40","guid":{"rendered":"https:\/\/normandie.ma\/?product=cartouche-geekvape-wenax-c1-2"},"modified":"2023-05-27T23:20:40","modified_gmt":"2023-05-27T23:20:40","slug":"cartouche-geekvape-wenax-c1-2","status":"publish","type":"product","link":"https:\/\/normandie.ma\/?product=cartouche-geekvape-wenax-c1-2","title":{"rendered":"Cartouche GeekVape Wenax C1"},"content":{"rendered":"<p>Enivr\u00e9 par les sensations offertes par votre pod Wenax C1 de Geek Vape ? Votre soif est sans limite et vous voulez d\u00e9couvrir l\u2019\u00e9tendue du march\u00e9 des e-liquides vaporeux ? Voici de quoi satisfaire votre app\u00e9tit ! Con\u00e7ue pour le kit Wenax C1, cette cartouche offre une capacit\u00e9 de 3ml, une installation rapide, une alimentation lat\u00e9rale et un embout tr\u00e8s confortable.  Marque Compatible : Geek Vape<br \/>\nContr\u00f4le de temp\u00e9rature : non<br \/>\nConnectique : inclus<br \/>\nR\u00e9servoir : r\u00e9sine de plastique (PCTG)<br \/>\nR\u00e9sistances compatibles : G Coil \u2013 Geek Vape<br \/>\nTaille Drip Tip : inclus<br \/>\nAir Flow : non r\u00e9glable<br \/>\nMarque : GEEK VAPE<br \/>\nContenance : 3ml<br \/>\nArriv\u00e9e d\u2019air : Par le bas<br \/>\nRemplissage : lat\u00e9ral<br \/>\nAlimentation en e-liquide : non r\u00e9glable<br \/>\nCompatible Bottom Feed : non<br \/>\nCompatibilit\u00e9 Kit : Pod Wenax C1 \u2013 Geek Vape<\/p>\n","protected":false},"excerpt":{"rendered":"<p>Enivr\u00e9 par les sensations offertes par votre pod Wenax C1 de Geek Vape ? Votre soif est sans limite et vous voulez d\u00e9couvrir l\u2019\u00e9tendue du march\u00e9 des e-liquides vaporeux ? Voici de quoi satisfaire votre app\u00e9tit ! Con\u00e7ue pour le kit Wenax C1, cette cartouche offre une capacit\u00e9 de 3ml, une installation rapide, une alimentation [&hellip;]<\/p>\n","protected":false},"featured_media":31022,"comment_status":"open","ping_status":"closed","template":"","meta":{"om_disable_all_campaigns":false,"_monsterinsights_skip_tracking":false,"_monsterinsights_sitenote_active":false,"_monsterinsights_sitenote_note":"","_monsterinsights_sitenote_category":0},"product_brand":[],"product_cat":[209,227],"product_tag":[],"class_list":{"0":"post-31841","1":"product","2":"type-product","3":"status-publish","4":"has-post-thumbnail","6":"product_cat-cartouches","7":"product_cat-cart-pod","10":"first","11":"instock","12":"featured","13":"shipping-taxable","14":"purchasable","15":"product-type-simple"},"aioseo_notices":[],"jetpack_sharing_enabled":true,"_links":{"self":[{"href":"https:\/\/normandie.ma\/index.php?rest_route=\/wp\/v2\/product\/31841","targetHints":{"allow":["GET"]}}],"collection":[{"href":"https:\/\/normandie.ma\/index.php?rest_route=\/wp\/v2\/product"}],"about":[{"href":"https:\/\/normandie.ma\/index.php?rest_route=\/wp\/v2\/types\/product"}],"replies":[{"embeddable":true,"href":"https:\/\/normandie.ma\/index.php?rest_route=%2Fwp%2Fv2%2Fcomments&post=31841"}],"wp:featuredmedia":[{"embeddable":true,"href":"https:\/\/normandie.ma\/index.php?rest_route=\/wp\/v2\/media\/31022"}],"wp:attachment":[{"href":"https:\/\/normandie.ma\/index.php?rest_route=%2Fwp%2Fv2%2Fmedia&parent=31841"}],"wp:term":[{"taxonomy":"product_brand","embeddable":true,"href":"https:\/\/normandie.ma\/index.php?rest_route=%2Fwp%2Fv2%2Fproduct_brand&post=31841"},{"taxonomy":"product_cat","embeddable":true,"href":"https:\/\/normandie.ma\/index.php?rest_route=%2Fwp%2Fv2%2Fproduct_cat&post=31841"},{"taxonomy":"product_tag","embeddable":true,"href":"https:\/\/normandie.ma\/index.php?rest_route=%2Fwp%2Fv2%2Fproduct_tag&post=31841"}],"curies":[{"name":"wp","href":"https:\/\/api.w.org\/{rel}","templated":true}]}}