{"id":31854,"date":"2023-05-27T23:20:46","date_gmt":"2023-05-27T23:20:46","guid":{"rendered":"https:\/\/normandie.ma\/?product=cartouche-popreel-n1-uwell"},"modified":"2023-06-03T21:32:29","modified_gmt":"2023-06-03T21:32:29","slug":"cartouche-popreel-n1-uwell","status":"publish","type":"product","link":"https:\/\/normandie.ma\/?product=cartouche-popreel-n1-uwell","title":{"rendered":"Cartouche POPREEL N1 \u2013 Uwell"},"content":{"rendered":"<p>La cartouche de pod Uwell Popreel N1 est con\u00e7ue pour le kit de pod Uwell Popreel. Il s\u2019agit d\u2019une cartouche transparente rechargeable d\u2019une capacit\u00e9 de 2 ml de jus \u00e9lectronique et d\u2019une conception \u00e9tanche. Avec les aimants puissants, il est simple et facile de se connecter avec le kit Popreel Pod System. La cartouche de pod Popreel N1 est \u00e9quip\u00e9e de la r\u00e9sistance int\u00e9gr\u00e9e FeCrAI UN2 Meshed-H 1.2\u03a9 pour vous apporter une grande saveur. Convient pour le kit de syst\u00e8me de pod Uwell Popreel N1<br \/>\nCapacit\u00e9 de 2 ml de jus \u00e9lectronique<br \/>\nR\u00e9sistance int\u00e9gr\u00e9e FeCrAI UN2 Meshed-H 1,2 \u03a9<br \/>\nRemplissage lat\u00e9ral<br \/>\nRechargeable et \u00e9tanche<br \/>\nRemplissage lat\u00e9ral<br \/>\nPod transparent et visible<br \/>\nConnexion magn\u00e9tique<\/p>\n","protected":false},"excerpt":{"rendered":"<p>La cartouche de pod Uwell Popreel N1 est con\u00e7ue pour le kit de pod Uwell Popreel. Il s\u2019agit d\u2019une cartouche transparente rechargeable d\u2019une capacit\u00e9 de 2 ml de jus \u00e9lectronique et d\u2019une conception \u00e9tanche. Avec les aimants puissants, il est simple et facile de se connecter avec le kit Popreel Pod System. La cartouche de [&hellip;]<\/p>\n","protected":false},"featured_media":31036,"comment_status":"open","ping_status":"closed","template":"","meta":{"om_disable_all_campaigns":false,"_monsterinsights_skip_tracking":false,"_monsterinsights_sitenote_active":false,"_monsterinsights_sitenote_note":"","_monsterinsights_sitenote_category":0},"product_brand":[],"product_cat":[209,227],"product_tag":[],"class_list":{"0":"post-31854","1":"product","2":"type-product","3":"status-publish","4":"has-post-thumbnail","6":"product_cat-cartouches","7":"product_cat-cart-pod","10":"first","11":"instock","12":"featured","13":"shipping-taxable","14":"purchasable","15":"product-type-variable"},"aioseo_notices":[],"jetpack_sharing_enabled":true,"_links":{"self":[{"href":"https:\/\/normandie.ma\/index.php?rest_route=\/wp\/v2\/product\/31854","targetHints":{"allow":["GET"]}}],"collection":[{"href":"https:\/\/normandie.ma\/index.php?rest_route=\/wp\/v2\/product"}],"about":[{"href":"https:\/\/normandie.ma\/index.php?rest_route=\/wp\/v2\/types\/product"}],"replies":[{"embeddable":true,"href":"https:\/\/normandie.ma\/index.php?rest_route=%2Fwp%2Fv2%2Fcomments&post=31854"}],"wp:featuredmedia":[{"embeddable":true,"href":"https:\/\/normandie.ma\/index.php?rest_route=\/wp\/v2\/media\/31036"}],"wp:attachment":[{"href":"https:\/\/normandie.ma\/index.php?rest_route=%2Fwp%2Fv2%2Fmedia&parent=31854"}],"wp:term":[{"taxonomy":"product_brand","embeddable":true,"href":"https:\/\/normandie.ma\/index.php?rest_route=%2Fwp%2Fv2%2Fproduct_brand&post=31854"},{"taxonomy":"product_cat","embeddable":true,"href":"https:\/\/normandie.ma\/index.php?rest_route=%2Fwp%2Fv2%2Fproduct_cat&post=31854"},{"taxonomy":"product_tag","embeddable":true,"href":"https:\/\/normandie.ma\/index.php?rest_route=%2Fwp%2Fv2%2Fproduct_tag&post=31854"}],"curies":[{"name":"wp","href":"https:\/\/api.w.org\/{rel}","templated":true}]}}