{"id":31863,"date":"2023-05-27T23:20:49","date_gmt":"2023-05-27T23:20:49","guid":{"rendered":"https:\/\/normandie.ma\/?product=cartouche-caliburn-a3-uwell"},"modified":"2023-06-03T21:26:09","modified_gmt":"2023-06-03T21:26:09","slug":"cartouche-caliburn-a3-uwell","status":"publish","type":"product","link":"https:\/\/normandie.ma\/?product=cartouche-caliburn-a3-uwell","title":{"rendered":"Cartouche CALIBURN A3 \u2013 Uwell"},"content":{"rendered":"<p>Les cartouches Caliburn A3 de Uwell sont con\u00e7ues pour \u00eatre utilis\u00e9es avec le pod Caliburn A3 et Caliburn Ak3. Ces cartouches jetables offrent un remplissage par le haut : retirez le drip-tip et versez jusqu\u2019\u00e0 2 ml de e-liquide ! G\u00e9n\u00e9reuses et robustes, ces cartouches Caliburn A3 contiennent une r\u00e9sistance de maille de 1,0 ohm. Id\u00e9ales pour le MTL, ces derni\u00e8res assurent une reproduction fid\u00e8le des saveurs et ne sont pas gourmandes en e-liquide.<\/p>\n","protected":false},"excerpt":{"rendered":"<p>Les cartouches Caliburn A3 de Uwell sont con\u00e7ues pour \u00eatre utilis\u00e9es avec le pod Caliburn A3 et Caliburn Ak3. Ces cartouches jetables offrent un remplissage par le haut : retirez le drip-tip et versez jusqu\u2019\u00e0 2 ml de e-liquide ! G\u00e9n\u00e9reuses et robustes, ces cartouches Caliburn A3 contiennent une r\u00e9sistance de maille de 1,0 ohm. [&hellip;]<\/p>\n","protected":false},"featured_media":31048,"comment_status":"open","ping_status":"closed","template":"","meta":{"om_disable_all_campaigns":false,"_monsterinsights_skip_tracking":false,"_monsterinsights_sitenote_active":false,"_monsterinsights_sitenote_note":"","_monsterinsights_sitenote_category":0},"product_brand":[],"product_cat":[209,227],"product_tag":[],"class_list":{"0":"post-31863","1":"product","2":"type-product","3":"status-publish","4":"has-post-thumbnail","6":"product_cat-cartouches","7":"product_cat-cart-pod","10":"first","11":"instock","12":"featured","13":"shipping-taxable","14":"purchasable","15":"product-type-variable"},"aioseo_notices":[],"jetpack_sharing_enabled":true,"_links":{"self":[{"href":"https:\/\/normandie.ma\/index.php?rest_route=\/wp\/v2\/product\/31863","targetHints":{"allow":["GET"]}}],"collection":[{"href":"https:\/\/normandie.ma\/index.php?rest_route=\/wp\/v2\/product"}],"about":[{"href":"https:\/\/normandie.ma\/index.php?rest_route=\/wp\/v2\/types\/product"}],"replies":[{"embeddable":true,"href":"https:\/\/normandie.ma\/index.php?rest_route=%2Fwp%2Fv2%2Fcomments&post=31863"}],"wp:featuredmedia":[{"embeddable":true,"href":"https:\/\/normandie.ma\/index.php?rest_route=\/wp\/v2\/media\/31048"}],"wp:attachment":[{"href":"https:\/\/normandie.ma\/index.php?rest_route=%2Fwp%2Fv2%2Fmedia&parent=31863"}],"wp:term":[{"taxonomy":"product_brand","embeddable":true,"href":"https:\/\/normandie.ma\/index.php?rest_route=%2Fwp%2Fv2%2Fproduct_brand&post=31863"},{"taxonomy":"product_cat","embeddable":true,"href":"https:\/\/normandie.ma\/index.php?rest_route=%2Fwp%2Fv2%2Fproduct_cat&post=31863"},{"taxonomy":"product_tag","embeddable":true,"href":"https:\/\/normandie.ma\/index.php?rest_route=%2Fwp%2Fv2%2Fproduct_tag&post=31863"}],"curies":[{"name":"wp","href":"https:\/\/api.w.org\/{rel}","templated":true}]}}