{"id":31901,"date":"2023-05-27T23:21:16","date_gmt":"2023-05-27T23:21:16","guid":{"rendered":"https:\/\/normandie.ma\/?product=stlth-x-pod-pack-20mg-ml-5"},"modified":"2023-05-30T22:24:20","modified_gmt":"2023-05-30T22:24:20","slug":"stlth-x-pod-pack-20mg-ml-5","status":"publish","type":"product","link":"https:\/\/normandie.ma\/?product=stlth-x-pod-pack-20mg-ml-5","title":{"rendered":"STLTH X Pod Pack \u2013 (20mg\/mL)"},"content":{"rendered":"<p>Les nouvelles cartouches pods STLTH X disposent d\u2019une mati\u00e8re absorbante qui contient le liquide en place. En contenant le liquide dans cette mati\u00e8re absorbante, les risques de fuite sont r\u00e9duits. Ce syst\u00e8me vous offre aussi un plus grand flux d\u2019air qui procure une bouff\u00e9e velout\u00e9e ainsi qu\u2019une saveur plus intense.<br \/>\nCe m\u00e9lange exclusif de nicotine a \u00e9t\u00e9 d\u00e9velopp\u00e9 sp\u00e9cifiquement pour les fumeurs adultes qui souhaitent passer du tabac traditionnel au vapotage. Les pods de remplacement STLTH X sont disponibles en 20 mg de nicotine et compatibles avec tous les dispositifs compatibles STLTH.<\/p>\n","protected":false},"excerpt":{"rendered":"<p>Les nouvelles cartouches pods STLTH X disposent d\u2019une mati\u00e8re absorbante qui contient le liquide en place. En contenant le liquide dans cette mati\u00e8re absorbante, les risques de fuite sont r\u00e9duits. Ce syst\u00e8me vous offre aussi un plus grand flux d\u2019air qui procure une bouff\u00e9e velout\u00e9e ainsi qu\u2019une saveur plus intense. Ce m\u00e9lange exclusif de nicotine [&hellip;]<\/p>\n","protected":false},"featured_media":31097,"comment_status":"open","ping_status":"closed","template":"","meta":{"om_disable_all_campaigns":false,"_monsterinsights_skip_tracking":false,"_monsterinsights_sitenote_active":false,"_monsterinsights_sitenote_note":"","_monsterinsights_sitenote_category":0},"product_brand":[],"product_cat":[209,228],"product_tag":[],"class_list":{"0":"post-31901","1":"product","2":"type-product","3":"status-publish","4":"has-post-thumbnail","6":"product_cat-cartouches","7":"product_cat-cart-jet","10":"first","11":"instock","12":"featured","13":"shipping-taxable","14":"purchasable","15":"product-type-variable"},"aioseo_notices":[],"jetpack_sharing_enabled":true,"_links":{"self":[{"href":"https:\/\/normandie.ma\/index.php?rest_route=\/wp\/v2\/product\/31901","targetHints":{"allow":["GET"]}}],"collection":[{"href":"https:\/\/normandie.ma\/index.php?rest_route=\/wp\/v2\/product"}],"about":[{"href":"https:\/\/normandie.ma\/index.php?rest_route=\/wp\/v2\/types\/product"}],"replies":[{"embeddable":true,"href":"https:\/\/normandie.ma\/index.php?rest_route=%2Fwp%2Fv2%2Fcomments&post=31901"}],"wp:featuredmedia":[{"embeddable":true,"href":"https:\/\/normandie.ma\/index.php?rest_route=\/wp\/v2\/media\/31097"}],"wp:attachment":[{"href":"https:\/\/normandie.ma\/index.php?rest_route=%2Fwp%2Fv2%2Fmedia&parent=31901"}],"wp:term":[{"taxonomy":"product_brand","embeddable":true,"href":"https:\/\/normandie.ma\/index.php?rest_route=%2Fwp%2Fv2%2Fproduct_brand&post=31901"},{"taxonomy":"product_cat","embeddable":true,"href":"https:\/\/normandie.ma\/index.php?rest_route=%2Fwp%2Fv2%2Fproduct_cat&post=31901"},{"taxonomy":"product_tag","embeddable":true,"href":"https:\/\/normandie.ma\/index.php?rest_route=%2Fwp%2Fv2%2Fproduct_tag&post=31901"}],"curies":[{"name":"wp","href":"https:\/\/api.w.org\/{rel}","templated":true}]}}