{"id":31954,"date":"2023-05-27T23:22:02","date_gmt":"2023-05-27T23:22:02","guid":{"rendered":"https:\/\/normandie.ma\/?product=resistance-smok-nord"},"modified":"2023-05-30T15:31:15","modified_gmt":"2023-05-30T15:31:15","slug":"resistance-smok-nord","status":"publish","type":"product","link":"https:\/\/normandie.ma\/?product=resistance-smok-nord","title":{"rendered":"R\u00e9sistance Smok Nord"},"content":{"rendered":"<p>La r\u00e9sistance Nord est sp\u00e9cialement con\u00e7ue pour une vape par inhalation indirecte avec un rendu proche des sensations d\u2019une cigarette classique. R\u00e9alis\u00e9e avec un fil r\u00e9sistif tr\u00e8s fin, elle offrira un tirage serr\u00e9 et une faible puissance adapt\u00e9e aux e-liquides forts en nicotine. Un concentr\u00e9 de saveurs, dans une vape 100% MTL plus \u00e9conomique en e-liquide et en \u00e9nergie, compatible avec les e-liquides fluides ayant jusqu\u2019\u00e0 50% de glyc\u00e9rine v\u00e9g\u00e9tale dans leur composition. Marque : SMOK<br \/>\nContr\u00f4le de temp\u00e9rature : non<br \/>\nResistance : 0.6 ohm, 0.8 ohm, 1.4 ohm<br \/>\nInhalation : directe ou indirecte<br \/>\nCompatibilit\u00e9 Atomiseur : Trinity Alpha Cartridge \u2013 Smok, Nord Cartridge \u2013 Smok<br \/>\nCompatibilit\u00e9 Kit : DotStick \u2013 DotMod, Nord AIO \u2013 Smok, Trinity Alpha Pod \u2013 Smok, Dotstick Discovery \u2013 Dotmod, Nord Pod \u2013 Smok, Nord 2 Pod \u2013 Smok, Beginner Nord 2, DotStick 1450mAh \u2013 DotMod<\/p>\n","protected":false},"excerpt":{"rendered":"<p>La r\u00e9sistance Nord est sp\u00e9cialement con\u00e7ue pour une vape par inhalation indirecte avec un rendu proche des sensations d\u2019une cigarette classique. R\u00e9alis\u00e9e avec un fil r\u00e9sistif tr\u00e8s fin, elle offrira un tirage serr\u00e9 et une faible puissance adapt\u00e9e aux e-liquides forts en nicotine. Un concentr\u00e9 de saveurs, dans une vape 100% MTL plus \u00e9conomique en [&hellip;]<\/p>\n","protected":false},"featured_media":31155,"comment_status":"open","ping_status":"closed","template":"","meta":{"om_disable_all_campaigns":false,"_monsterinsights_skip_tracking":false,"_monsterinsights_sitenote_active":false,"_monsterinsights_sitenote_note":"","_monsterinsights_sitenote_category":0},"product_brand":[],"product_cat":[409,412],"product_tag":[],"class_list":{"0":"post-31954","1":"product","2":"type-product","3":"status-publish","4":"has-post-thumbnail","6":"product_cat-resistances-2","7":"product_cat-smok-resistances-2","10":"first","11":"instock","12":"featured","13":"shipping-taxable","14":"purchasable","15":"product-type-variable"},"aioseo_notices":[],"jetpack_sharing_enabled":true,"_links":{"self":[{"href":"https:\/\/normandie.ma\/index.php?rest_route=\/wp\/v2\/product\/31954","targetHints":{"allow":["GET"]}}],"collection":[{"href":"https:\/\/normandie.ma\/index.php?rest_route=\/wp\/v2\/product"}],"about":[{"href":"https:\/\/normandie.ma\/index.php?rest_route=\/wp\/v2\/types\/product"}],"replies":[{"embeddable":true,"href":"https:\/\/normandie.ma\/index.php?rest_route=%2Fwp%2Fv2%2Fcomments&post=31954"}],"wp:featuredmedia":[{"embeddable":true,"href":"https:\/\/normandie.ma\/index.php?rest_route=\/wp\/v2\/media\/31155"}],"wp:attachment":[{"href":"https:\/\/normandie.ma\/index.php?rest_route=%2Fwp%2Fv2%2Fmedia&parent=31954"}],"wp:term":[{"taxonomy":"product_brand","embeddable":true,"href":"https:\/\/normandie.ma\/index.php?rest_route=%2Fwp%2Fv2%2Fproduct_brand&post=31954"},{"taxonomy":"product_cat","embeddable":true,"href":"https:\/\/normandie.ma\/index.php?rest_route=%2Fwp%2Fv2%2Fproduct_cat&post=31954"},{"taxonomy":"product_tag","embeddable":true,"href":"https:\/\/normandie.ma\/index.php?rest_route=%2Fwp%2Fv2%2Fproduct_tag&post=31954"}],"curies":[{"name":"wp","href":"https:\/\/api.w.org\/{rel}","templated":true}]}}