{"id":31966,"date":"2023-05-27T23:22:06","date_gmt":"2023-05-27T23:22:06","guid":{"rendered":"https:\/\/normandie.ma\/?product=resistance-smok-igee-meshed"},"modified":"2023-05-28T23:12:11","modified_gmt":"2023-05-28T23:12:11","slug":"resistance-smok-igee-meshed","status":"publish","type":"product","link":"https:\/\/normandie.ma\/?product=resistance-smok-igee-meshed","title":{"rendered":"R\u00e9sistance Smok IGEE Meshed"},"content":{"rendered":"<p>Smok a cr\u00e9\u00e9 les nouvelles cartouches pods de remplacement IGEE A1 pour contenir 2ml de vos e-liquides pr\u00e9f\u00e9r\u00e9s. Les cartouches pods utilisent une r\u00e9sistance int\u00e9gr\u00e9e de 0,9 ohm \u00e0 maille fixe qui est d\u00e9j\u00e0 install\u00e9e dans les pods et ne peut \u00eatre remplac\u00e9e. Les cartouches pods disposent \u00e9galement d\u2019un syst\u00e8me de remplissage par le haut et utilisent une technologie anti-fuite am\u00e9lior\u00e9e. Technologie anti-fuite<br \/>\nR\u00e9sistance de 0,9 ohm<br \/>\nCapacit\u00e9 de 2ml<br \/>\nR\u00e9sistances en maille<br \/>\nRemplissage par le haut<\/p>\n","protected":false},"excerpt":{"rendered":"<p>Smok a cr\u00e9\u00e9 les nouvelles cartouches pods de remplacement IGEE A1 pour contenir 2ml de vos e-liquides pr\u00e9f\u00e9r\u00e9s. Les cartouches pods utilisent une r\u00e9sistance int\u00e9gr\u00e9e de 0,9 ohm \u00e0 maille fixe qui est d\u00e9j\u00e0 install\u00e9e dans les pods et ne peut \u00eatre remplac\u00e9e. Les cartouches pods disposent \u00e9galement d\u2019un syst\u00e8me de remplissage par le haut [&hellip;]<\/p>\n","protected":false},"featured_media":31171,"comment_status":"open","ping_status":"closed","template":"","meta":{"om_disable_all_campaigns":false,"_monsterinsights_skip_tracking":false,"_monsterinsights_sitenote_active":false,"_monsterinsights_sitenote_note":"","_monsterinsights_sitenote_category":0},"product_brand":[],"product_cat":[409,412],"product_tag":[],"class_list":{"0":"post-31966","1":"product","2":"type-product","3":"status-publish","4":"has-post-thumbnail","6":"product_cat-resistances-2","7":"product_cat-smok-resistances-2","10":"first","11":"instock","12":"featured","13":"shipping-taxable","14":"purchasable","15":"product-type-variable"},"aioseo_notices":[],"jetpack_sharing_enabled":true,"_links":{"self":[{"href":"https:\/\/normandie.ma\/index.php?rest_route=\/wp\/v2\/product\/31966","targetHints":{"allow":["GET"]}}],"collection":[{"href":"https:\/\/normandie.ma\/index.php?rest_route=\/wp\/v2\/product"}],"about":[{"href":"https:\/\/normandie.ma\/index.php?rest_route=\/wp\/v2\/types\/product"}],"replies":[{"embeddable":true,"href":"https:\/\/normandie.ma\/index.php?rest_route=%2Fwp%2Fv2%2Fcomments&post=31966"}],"wp:featuredmedia":[{"embeddable":true,"href":"https:\/\/normandie.ma\/index.php?rest_route=\/wp\/v2\/media\/31171"}],"wp:attachment":[{"href":"https:\/\/normandie.ma\/index.php?rest_route=%2Fwp%2Fv2%2Fmedia&parent=31966"}],"wp:term":[{"taxonomy":"product_brand","embeddable":true,"href":"https:\/\/normandie.ma\/index.php?rest_route=%2Fwp%2Fv2%2Fproduct_brand&post=31966"},{"taxonomy":"product_cat","embeddable":true,"href":"https:\/\/normandie.ma\/index.php?rest_route=%2Fwp%2Fv2%2Fproduct_cat&post=31966"},{"taxonomy":"product_tag","embeddable":true,"href":"https:\/\/normandie.ma\/index.php?rest_route=%2Fwp%2Fv2%2Fproduct_tag&post=31966"}],"curies":[{"name":"wp","href":"https:\/\/api.w.org\/{rel}","templated":true}]}}