{"id":31981,"date":"2023-05-27T23:22:26","date_gmt":"2023-05-27T23:22:26","guid":{"rendered":"https:\/\/normandie.ma\/?product=pod-de-remplacement-voopoo-vthru-3ml-3"},"modified":"2023-05-28T22:49:08","modified_gmt":"2023-05-28T22:49:08","slug":"pod-de-remplacement-voopoo-vthru-3ml-3","status":"publish","type":"product","link":"https:\/\/normandie.ma\/?product=pod-de-remplacement-voopoo-vthru-3ml-3","title":{"rendered":"Pod de Remplacement Voopoo VTHRU 3ml"},"content":{"rendered":"<p>Les pods de remplacement Voopoo Vthru sont dot\u00e9s d\u2019une capacit\u00e9 rechargeable de 3ml, de r\u00e9sistances int\u00e9gr\u00e9es de 0,7 ohm et 1,2 ohm, et une connexion verrouillable.<\/p>\n<p>**R\u00e9sistance int\u00e9gr\u00e9e \u00e0 la cartouche**. Embout ergonomique<br \/>\nCapacit\u00e9 de 3 ml<br \/>\nSyst\u00e8me de remplissage lat\u00e9ral \u2013 bouchon en silicone<br \/>\nR\u00e9sistance en maille 0.7ohm \u2013 int\u00e9gr\u00e9e<br \/>\nR\u00e9sistance spirale 1.2ohm \u2013 int\u00e9gr\u00e9e<br \/>\nSyst\u00e8me de fermeture et de verrouillage magn\u00e9tique<br \/>\nEspace condensat \u00e0 sens unique<\/p>\n","protected":false},"excerpt":{"rendered":"<p>Les pods de remplacement Voopoo Vthru sont dot\u00e9s d\u2019une capacit\u00e9 rechargeable de 3ml, de r\u00e9sistances int\u00e9gr\u00e9es de 0,7 ohm et 1,2 ohm, et une connexion verrouillable. **R\u00e9sistance int\u00e9gr\u00e9e \u00e0 la cartouche**. Embout ergonomique Capacit\u00e9 de 3 ml Syst\u00e8me de remplissage lat\u00e9ral \u2013 bouchon en silicone R\u00e9sistance en maille 0.7ohm \u2013 int\u00e9gr\u00e9e R\u00e9sistance spirale 1.2ohm \u2013 [&hellip;]<\/p>\n","protected":false},"featured_media":31187,"comment_status":"open","ping_status":"closed","template":"","meta":{"om_disable_all_campaigns":false,"_monsterinsights_skip_tracking":false,"_monsterinsights_sitenote_active":false,"_monsterinsights_sitenote_note":"","_monsterinsights_sitenote_category":0},"product_brand":[],"product_cat":[409,416],"product_tag":[],"class_list":{"0":"post-31981","1":"product","2":"type-product","3":"status-publish","4":"has-post-thumbnail","6":"product_cat-resistances-2","7":"product_cat-voopoo-resistances-2","10":"first","11":"instock","12":"featured","13":"shipping-taxable","14":"purchasable","15":"product-type-variable"},"aioseo_notices":[],"jetpack_sharing_enabled":true,"_links":{"self":[{"href":"https:\/\/normandie.ma\/index.php?rest_route=\/wp\/v2\/product\/31981","targetHints":{"allow":["GET"]}}],"collection":[{"href":"https:\/\/normandie.ma\/index.php?rest_route=\/wp\/v2\/product"}],"about":[{"href":"https:\/\/normandie.ma\/index.php?rest_route=\/wp\/v2\/types\/product"}],"replies":[{"embeddable":true,"href":"https:\/\/normandie.ma\/index.php?rest_route=%2Fwp%2Fv2%2Fcomments&post=31981"}],"wp:featuredmedia":[{"embeddable":true,"href":"https:\/\/normandie.ma\/index.php?rest_route=\/wp\/v2\/media\/31187"}],"wp:attachment":[{"href":"https:\/\/normandie.ma\/index.php?rest_route=%2Fwp%2Fv2%2Fmedia&parent=31981"}],"wp:term":[{"taxonomy":"product_brand","embeddable":true,"href":"https:\/\/normandie.ma\/index.php?rest_route=%2Fwp%2Fv2%2Fproduct_brand&post=31981"},{"taxonomy":"product_cat","embeddable":true,"href":"https:\/\/normandie.ma\/index.php?rest_route=%2Fwp%2Fv2%2Fproduct_cat&post=31981"},{"taxonomy":"product_tag","embeddable":true,"href":"https:\/\/normandie.ma\/index.php?rest_route=%2Fwp%2Fv2%2Fproduct_tag&post=31981"}],"curies":[{"name":"wp","href":"https:\/\/api.w.org\/{rel}","templated":true}]}}