{"id":32009,"date":"2023-05-27T23:22:51","date_gmt":"2023-05-27T23:22:51","guid":{"rendered":"https:\/\/normandie.ma\/?product=concentre-ultimate-al-diabolik-by-les-creations-30ml"},"modified":"2023-05-27T23:22:51","modified_gmt":"2023-05-27T23:22:51","slug":"concentre-ultimate-al-diabolik-by-les-creations-30ml","status":"publish","type":"product","link":"https:\/\/normandie.ma\/?product=concentre-ultimate-al-diabolik-by-les-creations-30ml","title":{"rendered":"Concentr\u00e9 Ultimate A&#038;L \u2013 Diabolik by les Cr\u00e9ations 30ml"},"content":{"rendered":"<p>Un concentr\u00e9 fruit\u00e9 avec de bons agrumes, des fruits rouges et de la menthe fra\u00eeche pour cet \u00e9t\u00e9.<\/p>\n<p>Conseil d\u2019utilisation : Pr\u00e9voyez un dosage \u00e0 partir de 7% pour une formulation en 50\/50<\/p>\n","protected":false},"excerpt":{"rendered":"<p>Un concentr\u00e9 fruit\u00e9 avec de bons agrumes, des fruits rouges et de la menthe fra\u00eeche pour cet \u00e9t\u00e9. Conseil d\u2019utilisation : Pr\u00e9voyez un dosage \u00e0 partir de 7% pour une formulation en 50\/50<\/p>\n","protected":false},"featured_media":31215,"comment_status":"open","ping_status":"closed","template":"","meta":{"om_disable_all_campaigns":false,"_monsterinsights_skip_tracking":false,"_monsterinsights_sitenote_active":false,"_monsterinsights_sitenote_note":"","_monsterinsights_sitenote_category":0},"product_brand":[],"product_cat":[419,211],"product_tag":[],"class_list":{"0":"post-32009","1":"product","2":"type-product","3":"status-publish","4":"has-post-thumbnail","6":"product_cat-concentres","7":"product_cat-diy","10":"first","11":"instock","12":"featured","13":"shipping-taxable","14":"purchasable","15":"product-type-simple"},"aioseo_notices":[],"jetpack_sharing_enabled":true,"_links":{"self":[{"href":"https:\/\/normandie.ma\/index.php?rest_route=\/wp\/v2\/product\/32009","targetHints":{"allow":["GET"]}}],"collection":[{"href":"https:\/\/normandie.ma\/index.php?rest_route=\/wp\/v2\/product"}],"about":[{"href":"https:\/\/normandie.ma\/index.php?rest_route=\/wp\/v2\/types\/product"}],"replies":[{"embeddable":true,"href":"https:\/\/normandie.ma\/index.php?rest_route=%2Fwp%2Fv2%2Fcomments&post=32009"}],"wp:featuredmedia":[{"embeddable":true,"href":"https:\/\/normandie.ma\/index.php?rest_route=\/wp\/v2\/media\/31215"}],"wp:attachment":[{"href":"https:\/\/normandie.ma\/index.php?rest_route=%2Fwp%2Fv2%2Fmedia&parent=32009"}],"wp:term":[{"taxonomy":"product_brand","embeddable":true,"href":"https:\/\/normandie.ma\/index.php?rest_route=%2Fwp%2Fv2%2Fproduct_brand&post=32009"},{"taxonomy":"product_cat","embeddable":true,"href":"https:\/\/normandie.ma\/index.php?rest_route=%2Fwp%2Fv2%2Fproduct_cat&post=32009"},{"taxonomy":"product_tag","embeddable":true,"href":"https:\/\/normandie.ma\/index.php?rest_route=%2Fwp%2Fv2%2Fproduct_tag&post=32009"}],"curies":[{"name":"wp","href":"https:\/\/api.w.org\/{rel}","templated":true}]}}