{"id":32028,"date":"2023-05-27T23:22:58","date_gmt":"2023-05-27T23:22:58","guid":{"rendered":"https:\/\/normandie.ma\/?product=accu-25r-inr-18650-2500-mah"},"modified":"2023-05-27T23:22:58","modified_gmt":"2023-05-27T23:22:58","slug":"accu-25r-inr-18650-2500-mah","status":"publish","type":"product","link":"https:\/\/normandie.ma\/?product=accu-25r-inr-18650-2500-mah","title":{"rendered":"Accu 25R INR 18650 2500 mAh"},"content":{"rendered":"<p>Accus Samsung INR 18650-25R de 2500mAh pour vos mods m\u00e9caniques en ultra basse r\u00e9sistance avec une haute capacit\u00e9 de d\u00e9charge, jusqu\u2019\u00e0 35A en impulsion.<\/p>\n","protected":false},"excerpt":{"rendered":"<p>Accus Samsung INR 18650-25R de 2500mAh pour vos mods m\u00e9caniques en ultra basse r\u00e9sistance avec une haute capacit\u00e9 de d\u00e9charge, jusqu\u2019\u00e0 35A en impulsion.<\/p>\n","protected":false},"featured_media":31234,"comment_status":"open","ping_status":"closed","template":"","meta":{"om_disable_all_campaigns":false,"_monsterinsights_skip_tracking":false,"_monsterinsights_sitenote_active":false,"_monsterinsights_sitenote_note":"","_monsterinsights_sitenote_category":0},"product_brand":[],"product_cat":[212,234],"product_tag":[],"class_list":{"0":"post-32028","1":"product","2":"type-product","3":"status-publish","4":"has-post-thumbnail","6":"product_cat-accessoires","7":"product_cat-batr","10":"first","11":"instock","12":"featured","13":"shipping-taxable","14":"purchasable","15":"product-type-simple"},"aioseo_notices":[],"jetpack_sharing_enabled":true,"_links":{"self":[{"href":"https:\/\/normandie.ma\/index.php?rest_route=\/wp\/v2\/product\/32028","targetHints":{"allow":["GET"]}}],"collection":[{"href":"https:\/\/normandie.ma\/index.php?rest_route=\/wp\/v2\/product"}],"about":[{"href":"https:\/\/normandie.ma\/index.php?rest_route=\/wp\/v2\/types\/product"}],"replies":[{"embeddable":true,"href":"https:\/\/normandie.ma\/index.php?rest_route=%2Fwp%2Fv2%2Fcomments&post=32028"}],"wp:featuredmedia":[{"embeddable":true,"href":"https:\/\/normandie.ma\/index.php?rest_route=\/wp\/v2\/media\/31234"}],"wp:attachment":[{"href":"https:\/\/normandie.ma\/index.php?rest_route=%2Fwp%2Fv2%2Fmedia&parent=32028"}],"wp:term":[{"taxonomy":"product_brand","embeddable":true,"href":"https:\/\/normandie.ma\/index.php?rest_route=%2Fwp%2Fv2%2Fproduct_brand&post=32028"},{"taxonomy":"product_cat","embeddable":true,"href":"https:\/\/normandie.ma\/index.php?rest_route=%2Fwp%2Fv2%2Fproduct_cat&post=32028"},{"taxonomy":"product_tag","embeddable":true,"href":"https:\/\/normandie.ma\/index.php?rest_route=%2Fwp%2Fv2%2Fproduct_tag&post=32028"}],"curies":[{"name":"wp","href":"https:\/\/api.w.org\/{rel}","templated":true}]}}