{"id":32029,"date":"2023-05-27T23:22:58","date_gmt":"2023-05-27T23:22:58","guid":{"rendered":"https:\/\/normandie.ma\/?product=accu-sony-vtc6-35a-18650-3000mah"},"modified":"2025-01-23T19:42:20","modified_gmt":"2025-01-23T19:42:20","slug":"accu-sony-vtc6-35a-18650-3000mah","status":"publish","type":"product","link":"https:\/\/normandie.ma\/?product=accu-sony-vtc6-35a-18650-3000mah","title":{"rendered":"Accu Sony VTC6 35A 18650 \u2013 3000mah"},"content":{"rendered":"<p>Les accus Sony VTC6 18650 \u2013 3000mAh sont de grande qualit\u00e9, con\u00e7us pour supporter des r\u00e9sistances basses (sub-ohm) tout en conservant une stabilit\u00e9 exemplaire et une chauffe r\u00e9duite. Les accus Sony 18650 sont id\u00e9als pour le power vaping et offrent des performances impressionnantes ainsi qu\u2019une excellente autonomie.<\/p>\n","protected":false},"excerpt":{"rendered":"<p>Les accus Sony VTC6 18650 \u2013 3000mAh sont de grande qualit\u00e9, con\u00e7us pour supporter des r\u00e9sistances basses (sub-ohm) tout en conservant une stabilit\u00e9 exemplaire et une chauffe r\u00e9duite. Les accus Sony 18650 sont id\u00e9als pour le power vaping et offrent des performances impressionnantes ainsi qu\u2019une excellente autonomie.<\/p>\n","protected":false},"featured_media":31235,"comment_status":"open","ping_status":"closed","template":"","meta":{"om_disable_all_campaigns":false,"_monsterinsights_skip_tracking":false,"_monsterinsights_sitenote_active":false,"_monsterinsights_sitenote_note":"","_monsterinsights_sitenote_category":0},"product_brand":[],"product_cat":[212,234],"product_tag":[],"class_list":{"0":"post-32029","1":"product","2":"type-product","3":"status-publish","4":"has-post-thumbnail","6":"product_cat-accessoires","7":"product_cat-batr","10":"first","11":"instock","12":"featured","13":"shipping-taxable","14":"purchasable","15":"product-type-simple"},"aioseo_notices":[],"jetpack_sharing_enabled":true,"_links":{"self":[{"href":"https:\/\/normandie.ma\/index.php?rest_route=\/wp\/v2\/product\/32029","targetHints":{"allow":["GET"]}}],"collection":[{"href":"https:\/\/normandie.ma\/index.php?rest_route=\/wp\/v2\/product"}],"about":[{"href":"https:\/\/normandie.ma\/index.php?rest_route=\/wp\/v2\/types\/product"}],"replies":[{"embeddable":true,"href":"https:\/\/normandie.ma\/index.php?rest_route=%2Fwp%2Fv2%2Fcomments&post=32029"}],"wp:featuredmedia":[{"embeddable":true,"href":"https:\/\/normandie.ma\/index.php?rest_route=\/wp\/v2\/media\/31235"}],"wp:attachment":[{"href":"https:\/\/normandie.ma\/index.php?rest_route=%2Fwp%2Fv2%2Fmedia&parent=32029"}],"wp:term":[{"taxonomy":"product_brand","embeddable":true,"href":"https:\/\/normandie.ma\/index.php?rest_route=%2Fwp%2Fv2%2Fproduct_brand&post=32029"},{"taxonomy":"product_cat","embeddable":true,"href":"https:\/\/normandie.ma\/index.php?rest_route=%2Fwp%2Fv2%2Fproduct_cat&post=32029"},{"taxonomy":"product_tag","embeddable":true,"href":"https:\/\/normandie.ma\/index.php?rest_route=%2Fwp%2Fv2%2Fproduct_tag&post=32029"}],"curies":[{"name":"wp","href":"https:\/\/api.w.org\/{rel}","templated":true}]}}