{"id":32036,"date":"2023-05-27T23:23:14","date_gmt":"2023-05-27T23:23:14","guid":{"rendered":"https:\/\/normandie.ma\/?product=coil-geekvape-zeus-x-mesh-micro-mesh"},"modified":"2023-05-27T23:23:14","modified_gmt":"2023-05-27T23:23:14","slug":"coil-geekvape-zeus-x-mesh-micro-mesh","status":"publish","type":"product","link":"https:\/\/normandie.ma\/?product=coil-geekvape-zeus-x-mesh-micro-mesh","title":{"rendered":"Coil GeekVape Zeus X Mesh Micro Mesh"},"content":{"rendered":"<p>Le GeekVape Zeus X Micro Mesh Sheet Coil est con\u00e7u pour le GeekVape Zeus X Mesh Build Deck et le Zeus X Mesh RTA. Chaque paquet de bandes de maille sera livr\u00e9 avec deux bandes et deux bandes de coton. Disponible en deux variations, une bande de maille de 0,2 ohm et une bande de maille de 0,17 ohm con\u00e7ue pour une sortie de saveur maximale. Non seulement ces r\u00e9sistances sont excellentes en termes de saveur et de production de vapeur, mais elles ont \u00e9galement une longue dur\u00e9e de vie !  Deux bandes de Mesh<br \/>\nDeux bandes de coton plume.  R\u00e9sistance \u00e0 maille 0.2 ohm \u2013 Kanthal<br \/>\nR\u00e9sistance 0.17 ohm Mesh Coil \u2013 Ni80<br \/>\nInt\u00e9gration facile de la r\u00e9sistance<br \/>\nLongue dur\u00e9e de vie<\/p>\n","protected":false},"excerpt":{"rendered":"<p>Le GeekVape Zeus X Micro Mesh Sheet Coil est con\u00e7u pour le GeekVape Zeus X Mesh Build Deck et le Zeus X Mesh RTA. Chaque paquet de bandes de maille sera livr\u00e9 avec deux bandes et deux bandes de coton. Disponible en deux variations, une bande de maille de 0,2 ohm et une bande de [&hellip;]<\/p>\n","protected":false},"featured_media":31242,"comment_status":"open","ping_status":"closed","template":"","meta":{"om_disable_all_campaigns":false,"_monsterinsights_skip_tracking":false,"_monsterinsights_sitenote_active":false,"_monsterinsights_sitenote_note":"","_monsterinsights_sitenote_category":0},"product_brand":[],"product_cat":[212,422],"product_tag":[],"class_list":{"0":"post-32036","1":"product","2":"type-product","3":"status-publish","4":"has-post-thumbnail","6":"product_cat-accessoires","7":"product_cat-resistances-coils","10":"first","11":"instock","12":"featured","13":"shipping-taxable","14":"purchasable","15":"product-type-simple"},"aioseo_notices":[],"jetpack_sharing_enabled":true,"_links":{"self":[{"href":"https:\/\/normandie.ma\/index.php?rest_route=\/wp\/v2\/product\/32036","targetHints":{"allow":["GET"]}}],"collection":[{"href":"https:\/\/normandie.ma\/index.php?rest_route=\/wp\/v2\/product"}],"about":[{"href":"https:\/\/normandie.ma\/index.php?rest_route=\/wp\/v2\/types\/product"}],"replies":[{"embeddable":true,"href":"https:\/\/normandie.ma\/index.php?rest_route=%2Fwp%2Fv2%2Fcomments&post=32036"}],"wp:featuredmedia":[{"embeddable":true,"href":"https:\/\/normandie.ma\/index.php?rest_route=\/wp\/v2\/media\/31242"}],"wp:attachment":[{"href":"https:\/\/normandie.ma\/index.php?rest_route=%2Fwp%2Fv2%2Fmedia&parent=32036"}],"wp:term":[{"taxonomy":"product_brand","embeddable":true,"href":"https:\/\/normandie.ma\/index.php?rest_route=%2Fwp%2Fv2%2Fproduct_brand&post=32036"},{"taxonomy":"product_cat","embeddable":true,"href":"https:\/\/normandie.ma\/index.php?rest_route=%2Fwp%2Fv2%2Fproduct_cat&post=32036"},{"taxonomy":"product_tag","embeddable":true,"href":"https:\/\/normandie.ma\/index.php?rest_route=%2Fwp%2Fv2%2Fproduct_tag&post=32036"}],"curies":[{"name":"wp","href":"https:\/\/api.w.org\/{rel}","templated":true}]}}