{"id":33327,"date":"2023-06-21T01:32:06","date_gmt":"2023-06-21T01:32:06","guid":{"rendered":"https:\/\/normandie.ma\/?post_type=product&#038;p=33327"},"modified":"2023-06-21T01:32:06","modified_gmt":"2023-06-21T01:32:06","slug":"vaporesso-swag-px80","status":"publish","type":"product","link":"https:\/\/normandie.ma\/?product=vaporesso-swag-px80","title":{"rendered":"VAPORESSO \u2013 SWAG PX80"},"content":{"rendered":"<p>vec la Swag PX80 Vaporesso nous propose une cigarette \u00e9lectronique pas comme les autres. Petite, puissante et surtout tr\u00e8s agr\u00e9able \u00e0 utiliser pour une vape au tirage a\u00e9rien. Le pod mod Swag PX80 fonctionne avec un accu 18650 et peut fournir une puissance entre 5 et 80 watts. Sur le pod Swag PX80, on retrouve une cartouche qui pourra contenir 4 ml du e liquide de votre choix. Il est compatible avec toutes les r\u00e9sistances GTX de Vaporesso. Il offre donc un grand choix de type de vape avec de nombreux e liquides.<\/p>\n<p>Une particularit\u00e9 int\u00e9ressante est qu\u2019il est possible de changer de r\u00e9sistance sans avoir \u00e0 vider le r\u00e9servoir de la\u00a0Swag PX80. Et ce gr\u00e2ce \u00e0 un syst\u00e8me de blocage du r\u00e9servoir simple et efficace. Avec le pod\u00a0Swag PX80 deux r\u00e9sistances GTX sont fournies : Mesh 0.20 ohm et Mesh 0.30 ohm. Avec ces r\u00e9sistances, la vapeur et les saveurs sont au rendez-vous.<\/p>\n<p>Le pod\u00a0Swag PX80 est fabriqu\u00e9 avec plusieurs mat\u00e9riaux pour offrir un look imparable. Vaporesso nous offre aussi une impression IML transparente qui cache un \u00e9cran couleur TFT de 0.96\u2033. Le r\u00e9sultat est visuellement saisissant et, surtout, permet un gain d\u2019espace appr\u00e9ciable pour rendre le pod encore plus compact. Une r\u00e9ussite \u00e0 d\u00e9couvrir pour le vapoteur qui cherche une cigarette \u00e9lectronique performante et compacte.<\/p>\n<p>Le pod\u00a0Swag PX80 est fabriqu\u00e9e par Vaporesso.<\/p>\n","protected":false},"excerpt":{"rendered":"<p>vec la Swag PX80 Vaporesso nous propose une cigarette \u00e9lectronique pas comme les autres. Petite, puissante et surtout tr\u00e8s agr\u00e9able \u00e0 utiliser pour une vape au tirage a\u00e9rien. Le pod mod Swag PX80 fonctionne avec un accu 18650 et peut fournir une puissance entre 5 et 80 watts. Sur le pod Swag PX80, on retrouve [&hellip;]<\/p>\n","protected":false},"featured_media":33328,"comment_status":"open","ping_status":"closed","template":"","meta":{"om_disable_all_campaigns":false,"_monsterinsights_skip_tracking":false,"_monsterinsights_sitenote_active":false,"_monsterinsights_sitenote_note":"","_monsterinsights_sitenote_category":0},"product_brand":[],"product_cat":[213,205],"product_tag":[],"class_list":{"0":"post-33327","1":"product","2":"type-product","3":"status-publish","4":"has-post-thumbnail","6":"product_cat-kit-comp","7":"product_cat-materiel","10":"first","11":"instock","12":"shipping-taxable","13":"purchasable","14":"product-type-simple"},"aioseo_notices":[],"jetpack_sharing_enabled":true,"_links":{"self":[{"href":"https:\/\/normandie.ma\/index.php?rest_route=\/wp\/v2\/product\/33327","targetHints":{"allow":["GET"]}}],"collection":[{"href":"https:\/\/normandie.ma\/index.php?rest_route=\/wp\/v2\/product"}],"about":[{"href":"https:\/\/normandie.ma\/index.php?rest_route=\/wp\/v2\/types\/product"}],"replies":[{"embeddable":true,"href":"https:\/\/normandie.ma\/index.php?rest_route=%2Fwp%2Fv2%2Fcomments&post=33327"}],"wp:featuredmedia":[{"embeddable":true,"href":"https:\/\/normandie.ma\/index.php?rest_route=\/wp\/v2\/media\/33328"}],"wp:attachment":[{"href":"https:\/\/normandie.ma\/index.php?rest_route=%2Fwp%2Fv2%2Fmedia&parent=33327"}],"wp:term":[{"taxonomy":"product_brand","embeddable":true,"href":"https:\/\/normandie.ma\/index.php?rest_route=%2Fwp%2Fv2%2Fproduct_brand&post=33327"},{"taxonomy":"product_cat","embeddable":true,"href":"https:\/\/normandie.ma\/index.php?rest_route=%2Fwp%2Fv2%2Fproduct_cat&post=33327"},{"taxonomy":"product_tag","embeddable":true,"href":"https:\/\/normandie.ma\/index.php?rest_route=%2Fwp%2Fv2%2Fproduct_tag&post=33327"}],"curies":[{"name":"wp","href":"https:\/\/api.w.org\/{rel}","templated":true}]}}